Last updated on 2025-04-30 04:50:00 CEST.
Flavor | Version | Tinstall | Tcheck | Ttotal | Status | Flags |
---|---|---|---|---|---|---|
r-devel-linux-x86_64-debian-clang | 0.1.0 | 92.98 | 301.09 | 394.07 | OK | |
r-devel-linux-x86_64-debian-gcc | 0.1.0 | 65.17 | 224.59 | 289.76 | OK | |
r-devel-linux-x86_64-fedora-clang | 0.1.0 | 610.34 | OK | |||
r-devel-linux-x86_64-fedora-gcc | 0.1.0 | 667.32 | OK | |||
r-devel-windows-x86_64 | 0.1.0 | 100.00 | 303.00 | 403.00 | OK | |
r-patched-linux-x86_64 | 0.1.0 | 83.63 | 317.86 | 401.49 | OK | |
r-release-linux-x86_64 | 0.1.0 | 84.64 | 310.04 | 394.68 | OK | |
r-release-macos-arm64 | 0.1.0 | 185.00 | OK | |||
r-release-macos-x86_64 | 0.1.0 | 392.00 | OK | |||
r-release-windows-x86_64 | 0.1.0 | 99.00 | 302.00 | 401.00 | OK | |
r-oldrel-macos-arm64 | 0.1.0 | 183.00 | NOTE | |||
r-oldrel-macos-x86_64 | 0.1.0 | 323.00 | NOTE | |||
r-oldrel-windows-x86_64 | 0.1.0 | 118.00 | 403.00 | 521.00 | OK |
Version: 0.1.0
Check: installed package size
Result: NOTE
installed size is 7.1Mb
sub-directories of 1Mb or more:
libs 5.7Mb
Flavors: r-oldrel-macos-arm64, r-oldrel-macos-x86_64