Last updated on 2025-04-30 04:50:00 CEST.
Flavor | Version | Tinstall | Tcheck | Ttotal | Status | Flags |
---|---|---|---|---|---|---|
r-devel-linux-x86_64-debian-clang | 0.10.1 | 62.54 | 132.64 | 195.18 | OK | |
r-devel-linux-x86_64-debian-gcc | 0.10.1 | 52.15 | 99.68 | 151.83 | OK | |
r-devel-linux-x86_64-fedora-clang | 0.10.1 | 308.81 | OK | |||
r-devel-linux-x86_64-fedora-gcc | 0.10.1 | 357.32 | OK | |||
r-devel-windows-x86_64 | 0.10.1 | 68.00 | 160.00 | 228.00 | OK | |
r-patched-linux-x86_64 | 0.10.1 | 70.31 | 130.41 | 200.72 | OK | |
r-release-linux-x86_64 | 0.10.1 | 67.18 | 130.39 | 197.57 | OK | |
r-release-macos-arm64 | 0.10.1 | 82.00 | OK | |||
r-release-macos-x86_64 | 0.10.1 | 101.00 | OK | |||
r-release-windows-x86_64 | 0.10.1 | 68.00 | 158.00 | 226.00 | OK | |
r-oldrel-macos-arm64 | 0.10.1 | 75.00 | NOTE | |||
r-oldrel-macos-x86_64 | 0.10.1 | 125.00 | NOTE | |||
r-oldrel-windows-x86_64 | 0.10.1 | 79.00 | 199.00 | 278.00 | OK |
Version: 0.10.1
Check: package dependencies
Result: NOTE
Package suggested but not available for checking: ‘INLA’
Flavors: r-oldrel-macos-arm64, r-oldrel-macos-x86_64
Version: 0.10.1
Check: installed package size
Result: NOTE
installed size is 17.3Mb
sub-directories of 1Mb or more:
libs 16.6Mb
Flavors: r-oldrel-macos-arm64, r-oldrel-macos-x86_64