Last updated on 2025-11-03 03:49:35 CET.
| Flavor | Version | Tinstall | Tcheck | Ttotal | Status | Flags |
|---|---|---|---|---|---|---|
| r-devel-linux-x86_64-debian-clang | 1.1.0 | 22.31 | 295.23 | 317.54 | OK | |
| r-devel-linux-x86_64-debian-gcc | 1.1.0 | 17.31 | 255.22 | 272.53 | OK | |
| r-devel-linux-x86_64-fedora-clang | 1.1.0 | 72.00 | 392.22 | 464.22 | NOTE | |
| r-devel-linux-x86_64-fedora-gcc | 1.1.0 | 95.00 | 495.03 | 590.03 | NOTE | |
| r-devel-windows-x86_64 | 1.1.0 | 17.00 | 400.00 | 417.00 | OK | |
| r-patched-linux-x86_64 | 1.1.0 | 23.42 | 332.14 | 355.56 | OK | |
| r-release-linux-x86_64 | 1.1.0 | 20.14 | 345.59 | 365.73 | OK | |
| r-release-macos-arm64 | 1.1.0 | 6.00 | 140.00 | 146.00 | OK | |
| r-release-macos-x86_64 | 1.1.0 | 9.00 | 311.00 | 320.00 | OK | |
| r-release-windows-x86_64 | 1.1.0 | 16.00 | 394.00 | 410.00 | OK | |
| r-oldrel-macos-arm64 | 1.1.0 | 6.00 | 144.00 | 150.00 | OK | |
| r-oldrel-macos-x86_64 | 1.1.0 | 9.00 | 268.00 | 277.00 | OK | |
| r-oldrel-windows-x86_64 | 1.1.0 | 21.00 | 362.00 | 383.00 | OK |
Version: 1.1.0
Check: dependencies in R code
Result: NOTE
Namespaces in Imports field not imported from:
‘gridExtra’ ‘loo’ ‘stringr’ ‘xlsx’
All declared Imports should be used.
Flavors: r-devel-linux-x86_64-fedora-clang, r-devel-linux-x86_64-fedora-gcc