Last updated on 2025-02-21 03:52:07 CET.
Flavor | Version | Tinstall | Tcheck | Ttotal | Status | Flags |
---|---|---|---|---|---|---|
r-devel-linux-x86_64-debian-clang | 0.4.2 | 8.13 | 119.65 | 127.78 | NOTE | |
r-devel-linux-x86_64-debian-gcc | 0.4.2 | 5.20 | 81.29 | 86.49 | NOTE | |
r-devel-linux-x86_64-fedora-clang | 0.4.2 | 190.75 | NOTE | |||
r-devel-linux-x86_64-fedora-gcc | 0.4.2 | 200.19 | NOTE | |||
r-devel-macos-arm64 | 0.4.2 | 66.00 | OK | |||
r-devel-macos-x86_64 | 0.4.2 | 131.00 | NOTE | |||
r-devel-windows-x86_64 | 0.4.2 | 8.00 | 132.00 | 140.00 | NOTE | |
r-patched-linux-x86_64 | 0.4.2 | 7.01 | 110.51 | 117.52 | OK | |
r-release-linux-x86_64 | 0.4.2 | 6.69 | 111.46 | 118.15 | OK | |
r-release-macos-arm64 | 0.4.2 | 63.00 | OK | |||
r-release-macos-x86_64 | 0.4.2 | 114.00 | OK | |||
r-release-windows-x86_64 | 0.4.2 | 9.00 | 157.00 | 166.00 | OK | |
r-oldrel-macos-arm64 | 0.4.2 | 56.00 | OK | |||
r-oldrel-macos-x86_64 | 0.4.2 | 115.00 | OK | |||
r-oldrel-windows-x86_64 | 0.4.2 | 12.00 | 164.00 | 176.00 | OK |
Version: 0.4.2
Check: DESCRIPTION meta-information
Result: NOTE
Missing dependency on R >= 4.1.0 because package code uses the pipe
|> or function shorthand \(...) syntax added in R 4.1.0.
File(s) using such syntax:
‘plot_cutoff.R’
Flavors: r-devel-linux-x86_64-debian-clang, r-devel-linux-x86_64-debian-gcc, r-devel-linux-x86_64-fedora-clang, r-devel-linux-x86_64-fedora-gcc, r-devel-macos-x86_64, r-devel-windows-x86_64