CRAN Package Check Results for Package BcDiag

Last updated on 2025-04-30 04:50:00 CEST.

Flavor Version Tinstall Tcheck Ttotal Status Flags
r-devel-linux-x86_64-debian-clang 1.0.10 3.96 51.82 55.78 NOTE
r-devel-linux-x86_64-debian-gcc 1.0.10 3.56 38.72 42.28 NOTE
r-devel-linux-x86_64-fedora-clang 1.0.10 94.16 NOTE
r-devel-linux-x86_64-fedora-gcc 1.0.10 92.95 NOTE
r-devel-windows-x86_64 1.0.10 5.00 76.00 81.00 OK
r-patched-linux-x86_64 1.0.10 4.64 51.01 55.65 NOTE
r-release-linux-x86_64 1.0.10 4.31 51.53 55.84 NOTE
r-release-macos-arm64 1.0.10 32.00 OK
r-release-macos-x86_64 1.0.10 55.00 OK
r-release-windows-x86_64 1.0.10 5.00 77.00 82.00 OK
r-oldrel-macos-arm64 1.0.10 35.00 OK
r-oldrel-macos-x86_64 1.0.10 80.00 OK
r-oldrel-windows-x86_64 1.0.10 10.00 85.00 95.00 OK

Check Details

Version: 1.0.10
Check: CRAN incoming feasibility
Result: NOTE Maintainer: ‘Ewoud De Troyer <ewoud.detroyer@uhasselt.be>’ No Authors@R field in DESCRIPTION. Please add one, modifying Authors@R: c(person(given = "Aregay", family = "Mengsteab", role = "aut"), person(given = "Martin", family = "Otava", role = "aut"), person(given = "Tatsiana", family = "Khamiakova", role = "aut"), person(given = "Ewoud", family = "De Troyer", role = c("aut", "cre"), email = "ewoud.detroyer@uhasselt.be")) as necessary. Flavors: r-devel-linux-x86_64-debian-clang, r-devel-linux-x86_64-debian-gcc

Version: 1.0.10
Check: examples
Result: NOTE Examples with CPU (user + system) or elapsed time > 5s user system elapsed writeBic 4.561 0.021 7.073 anomedOnlybic 3.692 0.278 6.133 Flavor: r-devel-linux-x86_64-debian-clang

Version: 1.0.10
Check: for non-standard things in the check directory
Result: NOTE Found the following files/directories: ‘fabiabreast.txt’ Flavors: r-devel-linux-x86_64-debian-clang, r-devel-linux-x86_64-debian-gcc, r-devel-linux-x86_64-fedora-clang, r-devel-linux-x86_64-fedora-gcc, r-patched-linux-x86_64, r-release-linux-x86_64