Last updated on 2025-04-30 04:50:00 CEST.
Flavor | Version | Tinstall | Tcheck | Ttotal | Status | Flags |
---|---|---|---|---|---|---|
r-devel-linux-x86_64-debian-clang | 1.10.6 | 3.37 | 33.92 | 37.29 | OK | |
r-devel-linux-x86_64-debian-gcc | 1.10.6 | 2.69 | 26.71 | 29.40 | OK | |
r-devel-linux-x86_64-fedora-clang | 1.10.6 | 55.68 | OK | |||
r-devel-linux-x86_64-fedora-gcc | 1.10.6 | 57.76 | OK | |||
r-devel-windows-x86_64 | 1.10.6 | 4.00 | 49.00 | 53.00 | OK | |
r-patched-linux-x86_64 | 1.10.6 | 2.93 | 31.91 | 34.84 | OK | |
r-release-linux-x86_64 | 1.10.6 | 3.48 | 31.49 | 34.97 | OK | |
r-release-macos-arm64 | 1.10.6 | 23.00 | OK | |||
r-release-macos-x86_64 | 1.10.6 | 56.00 | OK | |||
r-release-windows-x86_64 | 1.10.6 | 5.00 | 53.00 | 58.00 | OK | |
r-oldrel-macos-arm64 | 1.10.6 | 27.00 | NOTE | |||
r-oldrel-macos-x86_64 | 1.10.6 | 47.00 | NOTE | |||
r-oldrel-windows-x86_64 | 1.10.6 | 4.00 | 56.00 | 60.00 | NOTE |
Version: 1.10.6
Check: installed package size
Result: NOTE
installed size is 7.8Mb
sub-directories of 1Mb or more:
java 7.7Mb
Flavors: r-oldrel-macos-arm64, r-oldrel-macos-x86_64, r-oldrel-windows-x86_64
Version: 1.10.6
Check: LazyData
Result: NOTE
'LazyData' is specified without a 'data' directory
Flavors: r-oldrel-macos-arm64, r-oldrel-macos-x86_64, r-oldrel-windows-x86_64