Last updated on 2025-11-03 03:49:35 CET.
| Flavor | Version | Tinstall | Tcheck | Ttotal | Status | Flags |
|---|---|---|---|---|---|---|
| r-devel-linux-x86_64-debian-clang | 10.5.1 | 2.82 | 38.01 | 40.83 | OK | |
| r-devel-linux-x86_64-debian-gcc | 10.5.1 | 2.23 | 29.80 | 32.03 | OK | |
| r-devel-linux-x86_64-fedora-clang | 10.5.1 | 64.12 | OK | |||
| r-devel-linux-x86_64-fedora-gcc | 10.5.1 | 61.91 | OK | |||
| r-devel-windows-x86_64 | 10.5.1 | 6.00 | 50.00 | 56.00 | OK | |
| r-patched-linux-x86_64 | 10.5.1 | 2.62 | 35.55 | 38.17 | OK | |
| r-release-linux-x86_64 | 10.5.1 | 2.64 | 36.35 | 38.99 | OK | |
| r-release-macos-arm64 | 10.5.1 | 2.00 | 52.00 | 54.00 | OK | |
| r-release-macos-x86_64 | 10.5.1 | 3.00 | 80.00 | 83.00 | OK | |
| r-release-windows-x86_64 | 10.5.1 | 6.00 | 50.00 | 56.00 | OK | |
| r-oldrel-macos-arm64 | 10.5.1 | 2.00 | 44.00 | 46.00 | NOTE | |
| r-oldrel-macos-x86_64 | 10.5.1 | 3.00 | 68.00 | 71.00 | NOTE | |
| r-oldrel-windows-x86_64 | 10.5.1 | 8.00 | 63.00 | 71.00 | NOTE |
Version: 10.5.1
Check: installed package size
Result: NOTE
installed size is 8.6Mb
sub-directories of 1Mb or more:
java 8.6Mb
Flavors: r-oldrel-macos-arm64, r-oldrel-macos-x86_64, r-oldrel-windows-x86_64