Last updated on 2025-04-30 04:50:00 CEST.
Flavor | Version | Tinstall | Tcheck | Ttotal | Status | Flags |
---|---|---|---|---|---|---|
r-devel-linux-x86_64-debian-clang | 1.3.0 | 345.31 | 409.86 | 755.17 | NOTE | |
r-devel-linux-x86_64-debian-gcc | 1.3.0 | 329.53 | 286.79 | 616.32 | NOTE | |
r-devel-linux-x86_64-fedora-clang | 1.3.0 | 1080.29 | OK | |||
r-devel-linux-x86_64-fedora-gcc | 1.3.0 | 1512.97 | OK | |||
r-devel-windows-x86_64 | 1.3.0 | 378.00 | 556.00 | 934.00 | OK | |
r-patched-linux-x86_64 | 1.3.0 | 406.06 | 392.07 | 798.13 | OK | |
r-release-linux-x86_64 | 1.3.0 | 414.28 | 452.42 | 866.70 | OK | |
r-release-macos-arm64 | 1.3.0 | 329.00 | OK | |||
r-release-macos-x86_64 | 1.3.0 | 583.00 | OK | |||
r-release-windows-x86_64 | 1.3.0 | 395.00 | 546.00 | 941.00 | OK | |
r-oldrel-macos-arm64 | 1.3.0 | 172.00 | NOTE | |||
r-oldrel-macos-x86_64 | 1.3.0 | 316.00 | NOTE | |||
r-oldrel-windows-x86_64 | 1.3.0 | 423.00 | 696.00 | 1119.00 | NOTE |
Version: 1.3.0
Check: examples
Result: NOTE
Examples with CPU (user + system) or elapsed time > 5s
user system elapsed
ppc.beeSurvValidation 12.979 0.105 16.356
Flavor: r-devel-linux-x86_64-debian-clang
Version: 1.3.0
Check: examples
Result: NOTE
Examples with CPU (user + system) or elapsed time > 5s
user system elapsed
ppc.beeSurvValidation 8.244 0.09 11.262
Flavor: r-devel-linux-x86_64-debian-gcc
Version: 1.3.0
Check: installed package size
Result: NOTE
installed size is 65.0Mb
sub-directories of 1Mb or more:
data 2.7Mb
libs 61.6Mb
Flavors: r-oldrel-macos-arm64, r-oldrel-macos-x86_64, r-oldrel-windows-x86_64
Version: 1.3.0
Check: for GNU extensions in Makefiles
Result: NOTE
GNU make is a SystemRequirements.
Flavors: r-oldrel-macos-arm64, r-oldrel-macos-x86_64