Last updated on 2025-04-30 04:50:00 CEST.
Flavor | Version | Tinstall | Tcheck | Ttotal | Status | Flags |
---|---|---|---|---|---|---|
r-devel-linux-x86_64-debian-clang | 5.0.7 | 11.18 | 85.37 | 96.55 | NOTE | |
r-devel-linux-x86_64-debian-gcc | 5.0.7 | 8.80 | 61.24 | 70.04 | NOTE | |
r-devel-linux-x86_64-fedora-clang | 5.0.7 | 159.17 | OK | |||
r-devel-linux-x86_64-fedora-gcc | 5.0.7 | 153.08 | OK | |||
r-devel-windows-x86_64 | 5.0.7 | 12.00 | 89.00 | 101.00 | OK | |
r-patched-linux-x86_64 | 5.0.7 | 11.55 | 81.00 | 92.55 | OK | |
r-release-linux-x86_64 | 5.0.7 | 10.98 | 79.80 | 90.78 | OK | |
r-release-macos-arm64 | 5.0.7 | 48.00 | OK | |||
r-release-macos-x86_64 | 5.0.7 | 109.00 | OK | |||
r-release-windows-x86_64 | 5.0.7 | 14.00 | 92.00 | 106.00 | OK | |
r-oldrel-macos-arm64 | 5.0.7 | 44.00 | OK | |||
r-oldrel-macos-x86_64 | 5.0.7 | 76.00 | OK | |||
r-oldrel-windows-x86_64 | 5.0.7 | 17.00 | 111.00 | 128.00 | OK |
Version: 5.0.7
Check: CRAN incoming feasibility
Result: NOTE
Maintainer: ‘Alberto Caimo <alberto.caimo1@ucd.ie>’
No Authors@R field in DESCRIPTION.
Please add one, modifying
Authors@R: c(person(given = "Alberto",
family = "Caimo",
role = c("aut", "cre"),
email = "alberto.caimo1@ucd.ie"),
person(given = "Lampros",
family = "Bouranis",
role = "aut"),
person(given = "Robert",
family = "Krause",
role = "ctb"))
as necessary.
Flavors: r-devel-linux-x86_64-debian-clang, r-devel-linux-x86_64-debian-gcc