Last updated on 2025-04-30 04:50:00 CEST.
Flavor | Version | Tinstall | Tcheck | Ttotal | Status | Flags |
---|---|---|---|---|---|---|
r-devel-linux-x86_64-debian-clang | 1.1.6 | 168.49 | 132.01 | 300.50 | OK | |
r-devel-linux-x86_64-debian-gcc | 1.1.6 | 159.07 | 101.68 | 260.75 | OK | |
r-devel-linux-x86_64-fedora-clang | 1.1.6 | 450.18 | OK | |||
r-devel-linux-x86_64-fedora-gcc | 1.1.6 | 604.61 | OK | |||
r-devel-windows-x86_64 | 1.1.6 | 171.00 | 166.00 | 337.00 | OK | |
r-patched-linux-x86_64 | 1.1.6 | 200.74 | 142.59 | 343.33 | OK | |
r-release-linux-x86_64 | 1.1.6 | 195.96 | 141.18 | 337.14 | OK | |
r-release-macos-arm64 | 1.1.6 | 129.00 | OK | |||
r-release-macos-x86_64 | 1.1.6 | 265.00 | OK | |||
r-release-windows-x86_64 | 1.1.6 | 191.00 | 163.00 | 354.00 | OK | |
r-oldrel-macos-arm64 | 1.1.6 | 131.00 | NOTE | |||
r-oldrel-macos-x86_64 | 1.1.6 | 279.00 | NOTE | |||
r-oldrel-windows-x86_64 | 1.1.6 | 205.00 | 200.00 | 405.00 | OK |
Version: 1.1.6
Check: installed package size
Result: NOTE
installed size is 62.9Mb
sub-directories of 1Mb or more:
libs 62.3Mb
Flavors: r-oldrel-macos-arm64, r-oldrel-macos-x86_64
Version: 1.1.6
Check: for GNU extensions in Makefiles
Result: NOTE
GNU make is a SystemRequirements.
Flavors: r-oldrel-macos-arm64, r-oldrel-macos-x86_64