Last updated on 2025-04-30 04:50:00 CEST.
Flavor | Version | Tinstall | Tcheck | Ttotal | Status | Flags |
---|---|---|---|---|---|---|
r-devel-linux-x86_64-debian-clang | 0.6-1 | 6.06 | 63.60 | 69.66 | NOTE | |
r-devel-linux-x86_64-debian-gcc | 0.6-1 | 5.94 | 44.65 | 50.59 | OK | |
r-devel-linux-x86_64-fedora-clang | 0.6-1 | 111.98 | OK | |||
r-devel-linux-x86_64-fedora-gcc | 0.6-1 | 126.33 | OK | |||
r-devel-windows-x86_64 | 0.6-1 | 10.00 | 98.00 | 108.00 | OK | |
r-patched-linux-x86_64 | 0.6-1 | 9.20 | 58.23 | 67.43 | OK | |
r-release-linux-x86_64 | 0.6-1 | 6.64 | 59.45 | 66.09 | OK | |
r-release-macos-arm64 | 0.6-1 | 47.00 | OK | |||
r-release-macos-x86_64 | 0.6-1 | 87.00 | OK | |||
r-release-windows-x86_64 | 0.6-1 | 12.00 | 101.00 | 113.00 | OK | |
r-oldrel-macos-arm64 | 0.6-1 | 44.00 | OK | |||
r-oldrel-macos-x86_64 | 0.6-1 | 103.00 | OK | |||
r-oldrel-windows-x86_64 | 0.6-1 | 12.00 | 101.00 | 113.00 | OK |
Version: 0.6-1
Check: examples
Result: NOTE
Examples with CPU (user + system) or elapsed time > 5s
user system elapsed
besselJs 4.099 0.012 5.501
besselIs 3.972 0.024 5.302
Flavor: r-devel-linux-x86_64-debian-clang