Last updated on 2025-04-30 04:50:00 CEST.
Flavor | Version | Tinstall | Tcheck | Ttotal | Status | Flags |
---|---|---|---|---|---|---|
r-devel-linux-x86_64-debian-clang | 0.1.5 | 11.88 | 28.98 | 40.86 | NOTE | |
r-devel-linux-x86_64-debian-gcc | 0.1.5 | 7.34 | 22.60 | 29.94 | NOTE | |
r-devel-linux-x86_64-fedora-clang | 0.1.5 | 73.52 | NOTE | |||
r-devel-linux-x86_64-fedora-gcc | 0.1.5 | 67.45 | NOTE | |||
r-devel-windows-x86_64 | 0.1.5 | 16.00 | 76.00 | 92.00 | OK | |
r-patched-linux-x86_64 | 0.1.5 | 10.78 | 28.48 | 39.26 | OK | |
r-release-linux-x86_64 | 0.1.5 | 11.14 | 28.18 | 39.32 | OK | |
r-release-macos-arm64 | 0.1.5 | 28.00 | OK | |||
r-release-macos-x86_64 | 0.1.5 | 45.00 | OK | |||
r-release-windows-x86_64 | 0.1.5 | 16.00 | 71.00 | 87.00 | OK | |
r-oldrel-macos-arm64 | 0.1.5 | 27.00 | OK | |||
r-oldrel-macos-x86_64 | 0.1.5 | 35.00 | OK | |||
r-oldrel-windows-x86_64 | 0.1.5 | 17.00 | 74.00 | 91.00 | OK |
Version: 0.1.5
Check: CRAN incoming feasibility
Result: NOTE
Maintainer: ‘Jack Kuipers <jack.kuipers@bsse.ethz.ch>’
No Authors@R field in DESCRIPTION.
Please add one, modifying
Authors@R: c(person(given = "Jack",
family = "Kuipers",
role = c("aut", "cre"),
email = "jack.kuipers@bsse.ethz.ch"),
person(given = "Giusi",
family = "Moffa",
role = "aut"))
as necessary.
Flavors: r-devel-linux-x86_64-debian-clang, r-devel-linux-x86_64-debian-gcc
Version: 0.1.5
Check: dependencies in R code
Result: NOTE
Namespace in Imports field not imported from: ‘BiDAG’
All declared Imports should be used.
Flavors: r-devel-linux-x86_64-fedora-clang, r-devel-linux-x86_64-fedora-gcc