CRAN Package Check Results for Package Bestie

Last updated on 2025-02-22 05:51:30 CET.

Flavor Version Tinstall Tcheck Ttotal Status Flags
r-devel-linux-x86_64-debian-clang 0.1.5 11.25 29.19 40.44 OK
r-devel-linux-x86_64-debian-gcc 0.1.5 0.28 1.73 2.01 ERROR
r-devel-linux-x86_64-fedora-clang 0.1.5 67.51 NOTE
r-devel-linux-x86_64-fedora-gcc 0.1.5 62.81 NOTE
r-devel-macos-arm64 0.1.5 25.00 OK
r-devel-macos-x86_64 0.1.5 46.00 OK
r-devel-windows-x86_64 0.1.5 15.00 59.00 74.00 OK
r-patched-linux-x86_64 0.1.5 11.42 27.24 38.66 OK
r-release-linux-x86_64 0.1.5 9.97 28.00 37.97 OK
r-release-macos-arm64 0.1.5 27.00 OK
r-release-macos-x86_64 0.1.5 35.00 OK
r-release-windows-x86_64 0.1.5 15.00 62.00 77.00 OK
r-oldrel-macos-arm64 0.1.5 27.00 OK
r-oldrel-macos-x86_64 0.1.5 38.00 OK
r-oldrel-windows-x86_64 0.1.5 18.00 74.00 92.00 OK

Check Details

Version: 0.1.5
Check: package dependencies
Result: ERROR Package required but not available: ‘BiDAG’ See section ‘The DESCRIPTION file’ in the ‘Writing R Extensions’ manual. Flavor: r-devel-linux-x86_64-debian-gcc

Version: 0.1.5
Check: dependencies in R code
Result: NOTE Namespace in Imports field not imported from: ‘BiDAG’ All declared Imports should be used. Flavors: r-devel-linux-x86_64-fedora-clang, r-devel-linux-x86_64-fedora-gcc