CRAN Package Check Results for Package BetaPASS

Last updated on 2025-04-30 04:50:00 CEST.

Flavor Version Tinstall Tcheck Ttotal Status Flags
r-devel-linux-x86_64-debian-clang 1.1-2 2.34 63.34 65.68 NOTE
r-devel-linux-x86_64-debian-gcc 1.1-2 1.72 43.50 45.22 NOTE
r-devel-linux-x86_64-fedora-clang 1.1-2 104.01 OK
r-devel-linux-x86_64-fedora-gcc 1.1-2 122.97 OK
r-devel-windows-x86_64 1.1-2 4.00 80.00 84.00 OK
r-patched-linux-x86_64 1.1-2 2.35 60.02 62.37 OK
r-release-linux-x86_64 1.1-2 2.02 60.29 62.31 OK
r-release-macos-arm64 1.1-2 50.00 OK
r-release-macos-x86_64 1.1-2 85.00 OK
r-release-windows-x86_64 1.1-2 4.00 79.00 83.00 OK
r-oldrel-macos-arm64 1.1-2 42.00 OK
r-oldrel-macos-x86_64 1.1-2 74.00 OK
r-oldrel-windows-x86_64 1.1-2 4.00 93.00 97.00 OK

Check Details

Version: 1.1-2
Check: examples
Result: NOTE Examples with CPU (user + system) or elapsed time > 5s user system elapsed betapower 7.857 0.264 11.751 samplesize 5.201 0.004 6.873 Flavor: r-devel-linux-x86_64-debian-clang

Version: 1.1-2
Check: examples
Result: NOTE Examples with CPU (user + system) or elapsed time > 5s user system elapsed betapower 4.737 0.126 6.578 Flavor: r-devel-linux-x86_64-debian-gcc