CRAN Package Check Results for Package BetterReg

Last updated on 2025-04-30 04:50:00 CEST.

Flavor Version Tinstall Tcheck Ttotal Status Flags
r-devel-linux-x86_64-debian-clang 0.2.0 6.16 34.12 40.28 NOTE
r-devel-linux-x86_64-debian-gcc 0.2.0 3.60 24.18 27.78 NOTE
r-devel-linux-x86_64-fedora-clang 0.2.0 66.68 OK
r-devel-linux-x86_64-fedora-gcc 0.2.0 65.15 OK
r-devel-windows-x86_64 0.2.0 6.00 50.00 56.00 OK
r-patched-linux-x86_64 0.2.0 4.68 31.96 36.64 OK
r-release-linux-x86_64 0.2.0 5.96 32.46 38.42 OK
r-release-macos-arm64 0.2.0 21.00 OK
r-release-macos-x86_64 0.2.0 36.00 OK
r-release-windows-x86_64 0.2.0 8.00 50.00 58.00 OK
r-oldrel-macos-arm64 0.2.0 20.00 OK
r-oldrel-macos-x86_64 0.2.0 30.00 OK
r-oldrel-windows-x86_64 0.2.0 10.00 58.00 68.00 OK

Check Details

Version: 0.2.0
Check: CRAN incoming feasibility
Result: NOTE Maintainer: ‘Chris Aberson <cla18@humboldt.edu>’ No Authors@R field in DESCRIPTION. Please add one, modifying Authors@R: person(given = "Chris", family = "Aberson", role = c("aut", "cre"), email = "cla18@humboldt.edu") as necessary. Flavors: r-devel-linux-x86_64-debian-clang, r-devel-linux-x86_64-debian-gcc