Last updated on 2025-04-30 04:50:00 CEST.
Flavor | Version | Tinstall | Tcheck | Ttotal | Status | Flags |
---|---|---|---|---|---|---|
r-devel-linux-x86_64-debian-clang | 5.10 | 25.63 | 72.61 | 98.24 | NOTE | |
r-devel-linux-x86_64-debian-gcc | 5.10 | 15.82 | 54.13 | 69.95 | NOTE | |
r-devel-linux-x86_64-fedora-clang | 6.0 | 181.33 | OK | |||
r-devel-linux-x86_64-fedora-gcc | 6.0 | 183.87 | OK | |||
r-devel-windows-x86_64 | 5.10 | 23.00 | 109.00 | 132.00 | OK | |
r-patched-linux-x86_64 | 5.10 | 23.19 | 69.67 | 92.86 | OK | |
r-release-linux-x86_64 | 5.10 | 20.49 | 69.52 | 90.01 | OK | |
r-release-macos-arm64 | 6.0 | 70.00 | OK | |||
r-release-macos-x86_64 | 6.0 | 103.00 | OK | |||
r-release-windows-x86_64 | 6.0 | 29.00 | 130.00 | 159.00 | OK | |
r-oldrel-macos-arm64 | 6.0 | 57.00 | OK | |||
r-oldrel-macos-x86_64 | 6.0 | 135.00 | OK | |||
r-oldrel-windows-x86_64 | 5.10 | 29.00 | 125.00 | 154.00 | OK |
Version: 5.10
Check: CRAN incoming feasibility
Result: NOTE
Maintainer: ‘Daniel Greene <dg333@cam.ac.uk>’
No Authors@R field in DESCRIPTION.
Please add one, modifying
Authors@R: c(person(given = "Daniel",
family = "Greene",
role = c("aut", "cre"),
email = "dg333@cam.ac.uk"),
person(given = "Sylvia",
family = "Richardson",
role = "aut"),
person(given = "Ernest",
family = "Turro",
role = "aut"))
as necessary.
Flavors: r-devel-linux-x86_64-debian-clang, r-devel-linux-x86_64-debian-gcc