Last updated on 2025-04-30 04:50:00 CEST.
Flavor | Version | Tinstall | Tcheck | Ttotal | Status | Flags |
---|---|---|---|---|---|---|
r-devel-linux-x86_64-debian-clang | 0.3.1 | 9.92 | 79.03 | 88.95 | NOTE | |
r-devel-linux-x86_64-debian-gcc | 0.3.1 | 7.63 | 54.37 | 62.00 | NOTE | |
r-devel-linux-x86_64-fedora-clang | 0.3.1 | 131.17 | OK | |||
r-devel-linux-x86_64-fedora-gcc | 0.3.1 | 127.92 | OK | |||
r-devel-windows-x86_64 | 0.3.1 | 12.00 | 91.00 | 103.00 | OK | |
r-patched-linux-x86_64 | 0.3.1 | 12.66 | 73.89 | 86.55 | OK | |
r-release-linux-x86_64 | 0.3.1 | 11.08 | 73.49 | 84.57 | OK | |
r-release-macos-arm64 | 0.3.1 | 40.00 | OK | |||
r-release-macos-x86_64 | 0.3.1 | 68.00 | OK | |||
r-release-windows-x86_64 | 0.3.1 | 13.00 | 93.00 | 106.00 | OK | |
r-oldrel-macos-arm64 | 0.3.1 | 35.00 | OK | |||
r-oldrel-macos-x86_64 | 0.3.1 | 51.00 | OK | |||
r-oldrel-windows-x86_64 | 0.3.1 | 16.00 | 103.00 | 119.00 | OK |
Version: 0.3.1
Check: CRAN incoming feasibility
Result: NOTE
Maintainer: ‘De Troyer Ewoud <ewoud.detroyer@uhasselt.be>’
No Authors@R field in DESCRIPTION.
Please add one, modifying
Authors@R: person(given = c("De", "Troyer"),
family = "Ewoud",
role = c("aut", "cre"),
email = "ewoud.detroyer@uhasselt.be")
as necessary.
Flavors: r-devel-linux-x86_64-debian-clang, r-devel-linux-x86_64-debian-gcc