CRAN Package Check Results for Package BiCausality

Last updated on 2025-04-30 04:50:00 CEST.

Flavor Version Tinstall Tcheck Ttotal Status Flags
r-devel-linux-x86_64-debian-clang 0.1.4 2.66 56.47 59.13 NOTE
r-devel-linux-x86_64-debian-gcc 0.1.4 1.94 36.99 38.93 OK
r-devel-linux-x86_64-fedora-clang 0.1.4 94.18 OK
r-devel-linux-x86_64-fedora-gcc 0.1.4 110.79 OK
r-devel-windows-x86_64 0.1.4 3.00 68.00 71.00 OK
r-patched-linux-x86_64 0.1.4 2.99 54.05 57.04 OK
r-release-linux-x86_64 0.1.4 2.28 50.87 53.15 OK
r-release-macos-arm64 0.1.4 32.00 OK
r-release-macos-x86_64 0.1.4 65.00 OK
r-release-windows-x86_64 0.1.4 3.00 71.00 74.00 OK
r-oldrel-macos-arm64 0.1.4 33.00 OK
r-oldrel-macos-x86_64 0.1.4 84.00 OK
r-oldrel-windows-x86_64 0.1.4 3.00 83.00 86.00 OK

Check Details

Version: 0.1.4
Check: examples
Result: NOTE Examples with CPU (user + system) or elapsed time > 5s user system elapsed bSCMdeConfoundingGraphFunc 4.107 0.015 5.718 Flavor: r-devel-linux-x86_64-debian-clang