Last updated on 2025-04-30 04:50:00 CEST.
Flavor | Version | Tinstall | Tcheck | Ttotal | Status | Flags |
---|---|---|---|---|---|---|
r-devel-linux-x86_64-debian-clang | 2.1.4 | 31.53 | 150.17 | 181.70 | NOTE | |
r-devel-linux-x86_64-debian-gcc | 2.1.4 | 20.31 | 102.56 | 122.87 | NOTE | |
r-devel-linux-x86_64-fedora-clang | 2.1.4 | 328.03 | NOTE | |||
r-devel-linux-x86_64-fedora-gcc | 2.1.4 | 303.07 | NOTE | |||
r-devel-windows-x86_64 | 2.1.4 | 35.00 | 168.00 | 203.00 | OK | |
r-patched-linux-x86_64 | 2.1.4 | 32.18 | 144.87 | 177.05 | OK | |
r-release-linux-x86_64 | 2.1.4 | 30.11 | 144.67 | 174.78 | OK | |
r-release-macos-arm64 | 2.1.4 | 77.00 | OK | |||
r-release-macos-x86_64 | 2.1.4 | 152.00 | OK | |||
r-release-windows-x86_64 | 2.1.4 | 34.00 | 161.00 | 195.00 | OK | |
r-oldrel-macos-arm64 | 2.1.4 | 66.00 | OK | |||
r-oldrel-macos-x86_64 | 2.1.4 | 108.00 | OK | |||
r-oldrel-windows-x86_64 | 2.1.4 | 42.00 | 212.00 | 254.00 | OK |
Version: 2.1.4
Check: CRAN incoming feasibility
Result: NOTE
Maintainer: ‘Polina Suter <polina.suter@gmail.com>’
No Authors@R field in DESCRIPTION.
Please add one, modifying
Authors@R: c(person(given = "Polina",
family = "Suter",
role = c("aut", "cre"),
email = "polina.suter@gmail.com"),
person(given = "Jack",
family = "Kuipers",
role = "aut"))
as necessary.
Flavors: r-devel-linux-x86_64-debian-clang, r-devel-linux-x86_64-debian-gcc
Version: 2.1.4
Check: examples
Result: NOTE
Examples with CPU (user + system) or elapsed time > 5s
user system elapsed
plotpedges 5.202 0.050 6.212
plotdiffs 4.900 0.171 5.669
Flavor: r-devel-linux-x86_64-debian-clang
Version: 2.1.4
Check: dependencies in R code
Result: NOTE
Namespace in Imports field not imported from: ‘RBGL’
All declared Imports should be used.
Flavors: r-devel-linux-x86_64-fedora-clang, r-devel-linux-x86_64-fedora-gcc