Last updated on 2025-04-30 04:50:00 CEST.
Flavor | Version | Tinstall | Tcheck | Ttotal | Status | Flags |
---|---|---|---|---|---|---|
r-devel-linux-x86_64-debian-clang | 2.3 | 20.33 | 318.01 | 338.34 | NOTE | |
r-devel-linux-x86_64-debian-gcc | 2.3 | 14.24 | 162.48 | 176.72 | NOTE | |
r-devel-linux-x86_64-fedora-clang | 2.3 | 521.46 | OK | |||
r-devel-linux-x86_64-fedora-gcc | 2.3 | 429.49 | OK | |||
r-devel-windows-x86_64 | 2.3 | 18.00 | 234.00 | 252.00 | OK | |
r-patched-linux-x86_64 | 2.3 | 20.03 | 221.11 | 241.14 | OK | |
r-release-linux-x86_64 | 2.3 | 19.86 | 224.30 | 244.16 | OK | |
r-release-macos-arm64 | 2.3 | 26.00 | ERROR | |||
r-release-macos-x86_64 | 2.3 | 270.00 | OK | |||
r-release-windows-x86_64 | 2.3 | 17.00 | 237.00 | 254.00 | OK | |
r-oldrel-macos-arm64 | 2.3 | 117.00 | OK | |||
r-oldrel-macos-x86_64 | 2.3 | 287.00 | OK | |||
r-oldrel-windows-x86_64 | 2.3 | 20.00 | 294.00 | 314.00 | OK |
Version: 2.3
Check: CRAN incoming feasibility
Result: NOTE
Maintainer: ‘Mark Wappett <m.wappett@qub.ac.uk>’
No Authors@R field in DESCRIPTION.
Please add one, modifying
Authors@R: person(given = "Mark",
family = "Wappett",
role = c("aut", "cre"),
email = "m.wappett@qub.ac.uk")
as necessary.
Flavors: r-devel-linux-x86_64-debian-clang, r-devel-linux-x86_64-debian-gcc
Version: 2.3
Check: package dependencies
Result: ERROR
Package required but not available: ‘org.Hs.eg.db’
See section ‘The DESCRIPTION file’ in the ‘Writing R Extensions’
manual.
Flavor: r-release-macos-arm64