Last updated on 2025-04-30 04:50:00 CEST.
Flavor | Version | Tinstall | Tcheck | Ttotal | Status | Flags |
---|---|---|---|---|---|---|
r-devel-linux-x86_64-debian-clang | 1.5.3 | 6.57 | 56.01 | 62.58 | NOTE | |
r-devel-linux-x86_64-debian-gcc | 1.5.3 | 4.54 | 41.59 | 46.13 | NOTE | |
r-devel-linux-x86_64-fedora-clang | 1.5.3 | 96.84 | OK | |||
r-devel-linux-x86_64-fedora-gcc | 1.5.3 | 98.92 | OK | |||
r-devel-windows-x86_64 | 1.5.3 | 7.00 | 74.00 | 81.00 | OK | |
r-patched-linux-x86_64 | 1.5.3 | 7.34 | 54.19 | 61.53 | OK | |
r-release-linux-x86_64 | 1.5.3 | 6.96 | 53.64 | 60.60 | OK | |
r-release-macos-arm64 | 1.5.3 | 34.00 | OK | |||
r-release-macos-x86_64 | 1.5.3 | 54.00 | OK | |||
r-release-windows-x86_64 | 1.5.3 | 7.00 | 70.00 | 77.00 | OK | |
r-oldrel-macos-arm64 | 1.5.3 | 31.00 | OK | |||
r-oldrel-macos-x86_64 | 1.5.3 | 45.00 | OK | |||
r-oldrel-windows-x86_64 | 1.5.3 | 9.00 | 87.00 | 96.00 | OK |
Version: 1.5.3
Check: CRAN incoming feasibility
Result: NOTE
Maintainer: ‘Ran Gao <rgao8@uic.edu>’
No Authors@R field in DESCRIPTION.
Please add one, modifying
Authors@R: c(person(given = "Gul",
family = "Inan",
role = "aut"),
person(given = "Hakan",
family = "Demirtas",
role = "aut"),
person(given = "Ran",
family = "Gao",
role = c("aut", "cre"),
email = "rgao8@uic.edu"))
as necessary.
Flavors: r-devel-linux-x86_64-debian-clang, r-devel-linux-x86_64-debian-gcc