Last updated on 2025-04-30 04:50:00 CEST.
Flavor | Version | Tinstall | Tcheck | Ttotal | Status | Flags |
---|---|---|---|---|---|---|
r-devel-linux-x86_64-debian-clang | 0.2.2 | 7.52 | 74.25 | 81.77 | NOTE | |
r-devel-linux-x86_64-debian-gcc | 0.2.2 | 4.81 | 52.43 | 57.24 | NOTE | |
r-devel-linux-x86_64-fedora-clang | 0.2.2 | 117.17 | OK | |||
r-devel-linux-x86_64-fedora-gcc | 0.2.2 | 115.68 | OK | |||
r-devel-windows-x86_64 | 0.2.2 | 8.00 | 84.00 | 92.00 | OK | |
r-patched-linux-x86_64 | 0.2.2 | 6.92 | 69.28 | 76.20 | OK | |
r-release-linux-x86_64 | 0.2.2 | 7.49 | 69.73 | 77.22 | OK | |
r-release-macos-arm64 | 0.2.2 | 43.00 | OK | |||
r-release-macos-x86_64 | 0.2.2 | 66.00 | OK | |||
r-release-windows-x86_64 | 0.2.2 | 9.00 | 85.00 | 94.00 | OK | |
r-oldrel-macos-arm64 | 0.2.2 | 36.00 | OK | |||
r-oldrel-macos-x86_64 | 0.2.2 | 57.00 | OK | |||
r-oldrel-windows-x86_64 | 0.2.2 | 10.00 | 104.00 | 114.00 | OK |
Version: 0.2.2
Check: examples
Result: NOTE
Examples with CPU (user + system) or elapsed time > 5s
user system elapsed
plot_enrichment_summaries 7.510 0.064 9.829
enrichment_analysis 4.192 0.196 5.656
Flavor: r-devel-linux-x86_64-debian-clang
Version: 0.2.2
Check: examples
Result: NOTE
Examples with CPU (user + system) or elapsed time > 5s
user system elapsed
plot_enrichment_summaries 4.434 0.142 5.116
Flavor: r-devel-linux-x86_64-debian-gcc