Last updated on 2025-04-30 04:50:00 CEST.
Flavor | Version | Tinstall | Tcheck | Ttotal | Status | Flags |
---|---|---|---|---|---|---|
r-devel-linux-x86_64-debian-clang | 1.0.3 | 10.34 | 87.91 | 98.25 | NOTE | |
r-devel-linux-x86_64-debian-gcc | 1.0.3 | 7.68 | 61.37 | 69.05 | OK | |
r-devel-linux-x86_64-fedora-clang | 1.0.3 | 160.17 | OK | |||
r-devel-linux-x86_64-fedora-gcc | 1.0.3 | 143.24 | OK | |||
r-devel-windows-x86_64 | 1.0.3 | 13.00 | 104.00 | 117.00 | OK | |
r-patched-linux-x86_64 | 1.0.3 | 9.36 | 81.31 | 90.67 | OK | |
r-release-linux-x86_64 | 1.0.3 | 9.61 | 81.38 | 90.99 | OK | |
r-release-macos-arm64 | 1.0.3 | 37.00 | OK | |||
r-release-macos-x86_64 | 1.0.3 | 116.00 | OK | |||
r-release-windows-x86_64 | 1.0.3 | 13.00 | 104.00 | 117.00 | OK | |
r-oldrel-macos-arm64 | 1.0.3 | 45.00 | OK | |||
r-oldrel-macos-x86_64 | 1.0.3 | 108.00 | OK | |||
r-oldrel-windows-x86_64 | 1.0.3 | 14.00 | 128.00 | 142.00 | OK |
Version: 1.0.3
Check: examples
Result: NOTE
Examples with CPU (user + system) or elapsed time > 5s
user system elapsed
meme_plot 5.959 0.051 7.764
Flavor: r-devel-linux-x86_64-debian-clang