Last updated on 2025-04-30 04:50:00 CEST.
Flavor | Version | Tinstall | Tcheck | Ttotal | Status | Flags |
---|---|---|---|---|---|---|
r-devel-linux-x86_64-debian-clang | 1.0.2 | 18.11 | 155.15 | 173.26 | NOTE | |
r-devel-linux-x86_64-debian-gcc | 1.0.2 | 13.29 | 109.01 | 122.30 | OK | |
r-devel-linux-x86_64-fedora-clang | 1.0.2 | 276.45 | OK | |||
r-devel-linux-x86_64-fedora-gcc | 1.0.2 | 262.71 | OK | |||
r-devel-windows-x86_64 | 1.0.2 | 19.00 | 146.00 | 165.00 | OK | |
r-patched-linux-x86_64 | 1.0.2 | 15.75 | 143.79 | 159.54 | OK | |
r-release-linux-x86_64 | 1.0.2 | 17.24 | 144.12 | 161.36 | OK | |
r-release-macos-arm64 | 1.0.2 | 74.00 | OK | |||
r-release-macos-x86_64 | 1.0.2 | 79.00 | OK | |||
r-release-windows-x86_64 | 1.0.2 | 23.00 | 144.00 | 167.00 | OK | |
r-oldrel-macos-arm64 | 1.0.2 | 56.00 | OK | |||
r-oldrel-macos-x86_64 | 1.0.2 | 99.00 | OK | |||
r-oldrel-windows-x86_64 | 1.0.2 | 27.00 | 195.00 | 222.00 | OK |
Version: 1.0.2
Check: examples
Result: NOTE
Examples with CPU (user + system) or elapsed time > 5s
user system elapsed
dsmb_ccru 4.373 0.065 6.198
ae_timeline_plot 4.224 0.199 6.027
Flavor: r-devel-linux-x86_64-debian-clang