Last updated on 2025-04-30 04:50:00 CEST.
Flavor | Version | Tinstall | Tcheck | Ttotal | Status | Flags |
---|---|---|---|---|---|---|
r-devel-linux-x86_64-debian-clang | 0.1.1.1 | 133.04 | 40.30 | 173.34 | NOTE | |
r-devel-linux-x86_64-debian-gcc | 0.1.1.1 | 94.10 | 29.37 | 123.47 | OK | |
r-devel-linux-x86_64-fedora-clang | 0.1.1.1 | 316.62 | OK | |||
r-devel-linux-x86_64-fedora-gcc | 0.1.1.1 | 332.77 | OK | |||
r-devel-windows-x86_64 | 0.1.1.1 | 140.00 | 79.00 | 219.00 | OK | |
r-patched-linux-x86_64 | 0.1.1.1 | 132.61 | 37.59 | 170.20 | OK | |
r-release-linux-x86_64 | 0.1.1.1 | 132.48 | 37.86 | 170.34 | OK | |
r-release-macos-arm64 | 0.1.1.1 | 75.00 | OK | |||
r-release-macos-x86_64 | 0.1.1.1 | 79.00 | OK | |||
r-release-windows-x86_64 | 0.1.1.1 | 142.00 | 80.00 | 222.00 | OK | |
r-oldrel-macos-arm64 | 0.1.1.1 | 76.00 | NOTE | |||
r-oldrel-macos-x86_64 | 0.1.1.1 | 78.00 | NOTE | |||
r-oldrel-windows-x86_64 | 0.1.1.1 | 155.00 | 94.00 | 249.00 | OK |
Version: 0.1.1.1
Check: examples
Result: NOTE
Examples with CPU (user + system) or elapsed time > 5s
user system elapsed
plot_Blend 5.693 0.061 6.616
Flavor: r-devel-linux-x86_64-debian-clang
Version: 0.1.1.1
Check: installed package size
Result: NOTE
installed size is 7.5Mb
sub-directories of 1Mb or more:
libs 7.4Mb
Flavors: r-oldrel-macos-arm64, r-oldrel-macos-x86_64