Last updated on 2025-02-21 03:52:08 CET.
Flavor | Version | Tinstall | Tcheck | Ttotal | Status | Flags |
---|---|---|---|---|---|---|
r-devel-linux-x86_64-debian-clang | 0.9.15 | 1507.94 | 39.92 | 1547.86 | OK | |
r-devel-linux-x86_64-debian-gcc | 0.9.15 | 1099.44 | 44.49 | 1143.93 | OK | |
r-devel-linux-x86_64-fedora-clang | 0.9.15 | 3929.65 | OK | |||
r-devel-linux-x86_64-fedora-gcc | 0.9.15 | 3105.61 | OK | |||
r-devel-macos-arm64 | 0.9.15 | 537.00 | OK | |||
r-devel-macos-x86_64 | 0.9.15 | 439.00 | OK | |||
r-devel-windows-x86_64 | 0.9.15 | 1665.00 | 84.00 | 1749.00 | OK | |
r-patched-linux-x86_64 | 0.9.15 | 1546.17 | 56.27 | 1602.44 | NOTE | |
r-release-linux-x86_64 | 0.9.15 | 1540.97 | 56.18 | 1597.15 | NOTE | |
r-release-macos-arm64 | 0.9.15 | 591.00 | NOTE | |||
r-release-macos-x86_64 | 0.9.15 | 359.00 | NOTE | |||
r-release-windows-x86_64 | 0.9.15 | 1649.00 | 81.00 | 1730.00 | NOTE | |
r-oldrel-macos-arm64 | 0.9.15 | 596.00 | NOTE | |||
r-oldrel-macos-x86_64 | 0.9.15 | 460.00 | NOTE | |||
r-oldrel-windows-x86_64 | 0.9.15 | 1701.00 | 111.00 | 1812.00 | NOTE |
Version: 0.9.15
Check: for GNU extensions in Makefiles
Result: NOTE
GNU make is a SystemRequirements.
Flavors: r-patched-linux-x86_64, r-release-linux-x86_64, r-release-macos-arm64, r-release-macos-x86_64, r-release-windows-x86_64, r-oldrel-macos-arm64, r-oldrel-macos-x86_64, r-oldrel-windows-x86_64
Version: 0.9.15
Check: installed package size
Result: NOTE
installed size is 396.6Mb
sub-directories of 1Mb or more:
include 10.3Mb
lib 385.9Mb
Flavors: r-release-macos-arm64, r-release-macos-x86_64, r-release-windows-x86_64, r-oldrel-macos-arm64, r-oldrel-macos-x86_64, r-oldrel-windows-x86_64