Last updated on 2025-04-30 04:50:00 CEST.
Flavor | Version | Tinstall | Tcheck | Ttotal | Status | Flags |
---|---|---|---|---|---|---|
r-devel-linux-x86_64-debian-clang | 1.2.1 | 2.91 | 30.39 | 33.30 | NOTE | |
r-devel-linux-x86_64-debian-gcc | 1.2.1 | 2.26 | 25.85 | 28.11 | NOTE | |
r-devel-linux-x86_64-fedora-clang | 1.2.1 | 52.65 | OK | |||
r-devel-linux-x86_64-fedora-gcc | 1.2.1 | 57.17 | OK | |||
r-devel-windows-x86_64 | 1.2.1 | 5.00 | 63.00 | 68.00 | OK | |
r-patched-linux-x86_64 | 1.2.1 | 2.84 | 30.84 | 33.68 | OK | |
r-release-linux-x86_64 | 1.2.1 | 2.82 | 30.44 | 33.26 | OK | |
r-release-macos-arm64 | 1.2.1 | 25.00 | OK | |||
r-release-macos-x86_64 | 1.2.1 | 45.00 | OK | |||
r-release-windows-x86_64 | 1.2.1 | 5.00 | 66.00 | 71.00 | OK | |
r-oldrel-macos-arm64 | 1.2.1 | 23.00 | OK | |||
r-oldrel-macos-x86_64 | 1.2.1 | 38.00 | OK | |||
r-oldrel-windows-x86_64 | 1.2.1 | 5.00 | 67.00 | 72.00 | OK |
Version: 1.2.1
Check: CRAN incoming feasibility
Result: NOTE
Maintainer: ‘Guy Nason <g.nason@imperial.ac.uk>’
Package CITATION file contains call(s) to old-style personList() or
as.personList(). Please use c() on person objects instead.
Package CITATION file contains call(s) to old-style citEntry(). Please
use bibentry() instead.
Flavors: r-devel-linux-x86_64-debian-clang, r-devel-linux-x86_64-debian-gcc