CRAN Package Check Results for Package BoundEdgeworth

Last updated on 2025-04-30 04:50:00 CEST.

Flavor Version Tinstall Tcheck Ttotal Status Flags
r-devel-linux-x86_64-debian-clang 0.1.2.1 2.91 23.68 26.59 NOTE
r-devel-linux-x86_64-debian-gcc 0.1.2.1 1.90 19.57 21.47 NOTE
r-devel-linux-x86_64-fedora-clang 0.1.2.1 39.79 OK
r-devel-linux-x86_64-fedora-gcc 0.1.2.1 40.16 OK
r-devel-windows-x86_64 0.1.2.1 4.00 42.00 46.00 OK
r-patched-linux-x86_64 0.1.2.1 2.88 21.89 24.77 OK
r-release-linux-x86_64 0.1.2.1 2.68 21.44 24.12 OK
r-release-macos-arm64 0.1.2.1 17.00 OK
r-release-macos-x86_64 0.1.2.1 40.00 OK
r-release-windows-x86_64 0.1.2.1 5.00 44.00 49.00 OK
r-oldrel-macos-arm64 0.1.2.1 22.00 OK
r-oldrel-macos-x86_64 0.1.2.1 34.00 OK
r-oldrel-windows-x86_64 0.1.2.1 4.00 45.00 49.00 OK

Check Details

Version: 0.1.2.1
Check: CRAN incoming feasibility
Result: NOTE Maintainer: ‘Alexis Derumigny <a.f.f.derumigny@tudelft.nl>’ The Description field contains Girard, Guyonvarch (2021) <arXiv:2101.05780>. Please refer to arXiv e-prints via their arXiv DOI <doi:10.48550/arXiv.YYMM.NNNNN>. Flavors: r-devel-linux-x86_64-debian-clang, r-devel-linux-x86_64-debian-gcc