Last updated on 2025-11-04 03:50:45 CET.
| Flavor | Version | Tinstall | Tcheck | Ttotal | Status | Flags | 
|---|---|---|---|---|---|---|
| r-devel-linux-x86_64-debian-clang | 1.3 | 2.76 | 23.44 | 26.20 | NOTE | |
| r-devel-linux-x86_64-debian-gcc | 1.3 | 2.05 | 18.41 | 20.46 | NOTE | |
| r-devel-linux-x86_64-fedora-clang | 1.3 | 38.51 | OK | |||
| r-devel-linux-x86_64-fedora-gcc | 1.3 | 36.71 | OK | |||
| r-devel-windows-x86_64 | 1.3 | 3.00 | 44.00 | 47.00 | OK | |
| r-patched-linux-x86_64 | 1.3 | 3.13 | 21.92 | 25.05 | OK | |
| r-release-linux-x86_64 | 1.3 | 2.65 | 22.05 | 24.70 | OK | |
| r-release-macos-arm64 | 1.3 | 1.00 | 17.00 | 18.00 | OK | |
| r-release-macos-x86_64 | 1.3 | 2.00 | 24.00 | 26.00 | OK | |
| r-release-windows-x86_64 | 1.3 | 3.00 | 42.00 | 45.00 | OK | |
| r-oldrel-macos-arm64 | 1.3 | 1.00 | 19.00 | 20.00 | OK | |
| r-oldrel-macos-x86_64 | 1.3 | 2.00 | 21.00 | 23.00 | OK | |
| r-oldrel-windows-x86_64 | 1.3 | 3.00 | 46.00 | 49.00 | OK | 
Version: 1.3
Check: CRAN incoming feasibility
Result: NOTE
  Maintainer: ‘Pat Burns <patrick@burns-stat.com>’
  
  No Authors@R field in DESCRIPTION.
  Please add one, modifying
    Authors@R: c(person(given = "Burns",
                        family = "Statistics",
                        role = "aut"),
                 person(given = "Pat",
                        family = "Burns",
                        role = "cre",
                        email = "patrick@burns-stat.com"))
  as necessary.
Flavors: r-devel-linux-x86_64-debian-clang, r-devel-linux-x86_64-debian-gcc