CRAN Package Check Results for Package BusinessDuration

Last updated on 2025-04-30 04:50:01 CEST.

Flavor Version Tinstall Tcheck Ttotal Status Flags
r-devel-linux-x86_64-debian-clang 0.2.0 1.93 17.43 19.36 NOTE
r-devel-linux-x86_64-debian-gcc 0.2.0 1.50 14.17 15.67 NOTE
r-devel-linux-x86_64-fedora-clang 0.2.0 29.93 OK
r-devel-linux-x86_64-fedora-gcc 0.2.0 29.82 OK
r-devel-windows-x86_64 0.2.0 3.00 41.00 44.00 OK
r-patched-linux-x86_64 0.2.0 1.85 16.46 18.31 OK
r-release-linux-x86_64 0.2.0 1.75 16.64 18.39 OK
r-release-macos-arm64 0.2.0 15.00 OK
r-release-macos-x86_64 0.2.0 26.00 OK
r-release-windows-x86_64 0.2.0 3.00 42.00 45.00 OK
r-oldrel-macos-arm64 0.2.0 20.00 NOTE
r-oldrel-macos-x86_64 0.2.0 21.00 NOTE
r-oldrel-windows-x86_64 0.2.0 3.00 41.00 44.00 NOTE

Check Details

Version: 0.2.0
Check: CRAN incoming feasibility
Result: NOTE Maintainer: ‘Gnaneshwar G <gnaneshwar441@gmail.com>’ No Authors@R field in DESCRIPTION. Please add one, modifying Authors@R: person(given = "Gnaneshwar", family = "G", role = c("aut", "cre"), email = "gnaneshwar441@gmail.com") as necessary. Flavors: r-devel-linux-x86_64-debian-clang, r-devel-linux-x86_64-debian-gcc

Version: 0.2.0
Check: LazyData
Result: NOTE 'LazyData' is specified without a 'data' directory Flavors: r-oldrel-macos-arm64, r-oldrel-macos-x86_64, r-oldrel-windows-x86_64