Last updated on 2025-04-30 04:50:01 CEST.
Flavor | Version | Tinstall | Tcheck | Ttotal | Status | Flags |
---|---|---|---|---|---|---|
r-devel-linux-x86_64-debian-clang | 3.4.0 | 10.80 | 92.43 | 103.23 | NOTE | |
r-devel-linux-x86_64-debian-gcc | 3.4.0 | 7.09 | 66.05 | 73.14 | OK | |
r-devel-linux-x86_64-fedora-clang | 3.4.0 | 153.97 | OK | |||
r-devel-linux-x86_64-fedora-gcc | 3.4.0 | 157.28 | OK | |||
r-devel-windows-x86_64 | 3.4.0 | 12.00 | 99.00 | 111.00 | OK | |
r-patched-linux-x86_64 | 3.4.0 | 11.05 | 87.79 | 98.84 | OK | |
r-release-linux-x86_64 | 3.4.0 | 9.73 | 86.44 | 96.17 | OK | |
r-release-macos-arm64 | 3.4.0 | 46.00 | OK | |||
r-release-macos-x86_64 | 3.4.0 | 78.00 | OK | |||
r-release-windows-x86_64 | 3.4.0 | 13.00 | 95.00 | 108.00 | OK | |
r-oldrel-macos-arm64 | 3.4.0 | 45.00 | OK | |||
r-oldrel-macos-x86_64 | 3.4.0 | 66.00 | OK | |||
r-oldrel-windows-x86_64 | 3.4.0 | 15.00 | 118.00 | 133.00 | OK |
Version: 3.4.0
Check: examples
Result: NOTE
Examples with CPU (user + system) or elapsed time > 5s
user system elapsed
clusterforest 3.246 0.012 5.155
Flavor: r-devel-linux-x86_64-debian-clang