Last updated on 2025-04-30 04:50:01 CEST.
Flavor | Version | Tinstall | Tcheck | Ttotal | Status | Flags |
---|---|---|---|---|---|---|
r-devel-linux-x86_64-debian-clang | 1.0.0 | 30.28 | 258.89 | 289.17 | NOTE | |
r-devel-linux-x86_64-debian-gcc | 1.0.0 | 19.84 | 169.63 | 189.47 | NOTE | |
r-devel-linux-x86_64-fedora-clang | 1.0.0 | 476.91 | OK | |||
r-devel-linux-x86_64-fedora-gcc | 1.0.0 | 456.46 | OK | |||
r-devel-windows-x86_64 | 1.0.0 | 32.00 | 221.00 | 253.00 | OK | |
r-patched-linux-x86_64 | 1.0.0 | 29.95 | 242.58 | 272.53 | OK | |
r-release-linux-x86_64 | 1.0.0 | 28.44 | 238.92 | 267.36 | OK | |
r-release-macos-arm64 | 1.0.0 | 143.00 | OK | |||
r-release-macos-x86_64 | 1.0.0 | 236.00 | OK | |||
r-release-windows-x86_64 | 1.0.0 | 34.00 | 219.00 | 253.00 | OK | |
r-oldrel-macos-arm64 | 1.0.0 | 113.00 | OK | |||
r-oldrel-macos-x86_64 | 1.0.0 | 290.00 | OK | |||
r-oldrel-windows-x86_64 | 1.0.0 | 39.00 | 306.00 | 345.00 | OK |
Version: 1.0.0
Check: CRAN incoming feasibility
Result: NOTE
Maintainer: ‘Junyao Jiang <jiangjunyao789@163.com>’
No Authors@R field in DESCRIPTION.
Please add one, modifying
Authors@R: person(given = "Junyao",
family = "Jiang",
role = c("aut", "cre"),
email = "jiangjunyao789@163.com")
as necessary.
Flavors: r-devel-linux-x86_64-debian-clang, r-devel-linux-x86_64-debian-gcc
Version: 1.0.0
Check: examples
Result: NOTE
Examples with CPU (user + system) or elapsed time > 5s
user system elapsed
Identify_ConservedMarkers 5.847 0.099 6.676
Identify_ConservedNetworks 5.418 0.075 6.383
Identify_ConservedCellTypes 4.507 0.055 5.072
Heatmap_Cor 4.272 0.167 5.520
Format_Markers_Frac 3.734 0.110 5.009
Flavor: r-devel-linux-x86_64-debian-clang