CRAN Package Check Results for Package CADF

Last updated on 2025-04-30 04:50:01 CEST.

Flavor Version Tinstall Tcheck Ttotal Status Flags
r-devel-linux-x86_64-debian-clang 0.1 45.42 212.48 257.90 NOTE
r-devel-linux-x86_64-debian-gcc 0.1 36.02 134.83 170.85 NOTE
r-devel-linux-x86_64-fedora-clang 0.1 425.37 NOTE
r-devel-linux-x86_64-fedora-gcc 0.1 461.99 NOTE
r-devel-windows-x86_64 0.1 59.00 210.00 269.00 OK
r-patched-linux-x86_64 0.1 45.93 206.70 252.63 OK
r-release-linux-x86_64 0.1 47.21 203.32 250.53 OK
r-release-macos-arm64 0.1 126.00 OK
r-release-macos-x86_64 0.1 296.00 OK
r-release-windows-x86_64 0.1 58.00 209.00 267.00 OK
r-oldrel-macos-arm64 0.1 111.00 NOTE
r-oldrel-macos-x86_64 0.1 311.00 NOTE
r-oldrel-windows-x86_64 0.1 70.00 291.00 361.00 NOTE

Check Details

Version: 0.1
Check: examples
Result: NOTE Examples with CPU (user + system) or elapsed time > 5s user system elapsed CADF_to_migration_model 5.729 0.292 6.719 annualhalfingmodel 4.683 0.214 5.982 Flavor: r-devel-linux-x86_64-debian-clang

Version: 0.1
Check: examples
Result: NOTE Examples with CPU (user + system) or elapsed time > 5s user system elapsed CADF_to_migration_model 4.636 0.395 6.238 Flavor: r-devel-linux-x86_64-debian-gcc

Version: 0.1
Check: dependencies in R code
Result: NOTE Namespace in Imports field not imported from: ‘R6’ All declared Imports should be used. Flavors: r-devel-linux-x86_64-fedora-clang, r-devel-linux-x86_64-fedora-gcc

Version: 0.1
Check: installed package size
Result: NOTE installed size is 11.9Mb sub-directories of 1Mb or more: data 10.1Mb Flavors: r-oldrel-macos-arm64, r-oldrel-macos-x86_64, r-oldrel-windows-x86_64