Last updated on 2025-04-30 04:50:01 CEST.
Flavor | Version | Tinstall | Tcheck | Ttotal | Status | Flags |
---|---|---|---|---|---|---|
r-devel-linux-x86_64-debian-clang | 6.1.1 | 82.26 | 439.18 | 521.44 | NOTE | |
r-devel-linux-x86_64-debian-gcc | 6.1.1 | 48.62 | 287.01 | 335.63 | NOTE | |
r-devel-linux-x86_64-fedora-clang | 6.1.1 | 899.74 | OK | |||
r-devel-linux-x86_64-fedora-gcc | 6.1.1 | 870.47 | OK | |||
r-devel-windows-x86_64 | 6.1.1 | 75.00 | 373.00 | 448.00 | OK | |
r-patched-linux-x86_64 | 6.1.1 | 78.35 | 410.94 | 489.29 | OK | |
r-release-linux-x86_64 | 6.1.1 | 68.24 | 412.31 | 480.55 | OK | |
r-release-macos-arm64 | 6.1.1 | 195.00 | OK | |||
r-release-macos-x86_64 | 6.1.1 | 396.00 | OK | |||
r-release-windows-x86_64 | 6.1.1 | 71.00 | 367.00 | 438.00 | OK | |
r-oldrel-macos-arm64 | 6.1.1 | 184.00 | OK | |||
r-oldrel-macos-x86_64 | 6.1.1 | 320.00 | OK | |||
r-oldrel-windows-x86_64 | 6.1.1 | 94.00 | 500.00 | 594.00 | OK |
Version: 6.1.1
Check: CRAN incoming feasibility
Result: NOTE
Maintainer: ‘Duncan Lee <Duncan.Lee@glasgow.ac.uk>’
No Authors@R field in DESCRIPTION.
Please add one, modifying
Authors@R: person(given = "Duncan",
family = "Lee",
role = c("aut", "cre"),
email = "duncan.lee@glasgow.ac.uk")
as necessary.
Flavors: r-devel-linux-x86_64-debian-clang, r-devel-linux-x86_64-debian-gcc