Last updated on 2025-04-30 04:50:01 CEST.
Flavor | Version | Tinstall | Tcheck | Ttotal | Status | Flags |
---|---|---|---|---|---|---|
r-devel-linux-x86_64-debian-clang | 0.1.1 | 133.77 | 132.27 | 266.04 | OK | |
r-devel-linux-x86_64-debian-gcc | 0.1.1 | 122.32 | 106.15 | 228.47 | OK | |
r-devel-linux-x86_64-fedora-clang | 0.1.1 | 414.86 | NOTE | |||
r-devel-linux-x86_64-fedora-gcc | 0.1.1 | 543.48 | NOTE | |||
r-devel-windows-x86_64 | 0.1.1 | 155.00 | 155.00 | 310.00 | OK | |
r-patched-linux-x86_64 | 0.1.1 | 159.95 | 137.83 | 297.78 | OK | |
r-release-linux-x86_64 | 0.1.1 | 168.58 | 137.44 | 306.02 | OK | |
r-release-macos-arm64 | 0.1.1 | 107.00 | OK | |||
r-release-macos-x86_64 | 0.1.1 | 239.00 | OK | |||
r-release-windows-x86_64 | 0.1.1 | 153.00 | 170.00 | 323.00 | OK | |
r-oldrel-macos-arm64 | 0.1.1 | 64.00 | NOTE | |||
r-oldrel-macos-x86_64 | 0.1.1 | 114.00 | NOTE | |||
r-oldrel-windows-x86_64 | 0.1.1 | 178.00 | 196.00 | 374.00 | NOTE |
Version: 0.1.1
Check: dependencies in R code
Result: NOTE
Namespace in Imports field not imported from: ‘rstantools’
All declared Imports should be used.
Flavors: r-devel-linux-x86_64-fedora-clang, r-devel-linux-x86_64-fedora-gcc
Version: 0.1.1
Check: installed package size
Result: NOTE
installed size is 49.1Mb
sub-directories of 1Mb or more:
libs 48.8Mb
Flavors: r-oldrel-macos-arm64, r-oldrel-macos-x86_64
Version: 0.1.1
Check: for GNU extensions in Makefiles
Result: NOTE
GNU make is a SystemRequirements.
Flavors: r-oldrel-macos-arm64, r-oldrel-macos-x86_64, r-oldrel-windows-x86_64