Last updated on 2025-04-30 04:50:01 CEST.
Flavor | Version | Tinstall | Tcheck | Ttotal | Status | Flags |
---|---|---|---|---|---|---|
r-devel-linux-x86_64-debian-clang | 0.1.0 | 5.17 | 24.66 | 29.83 | NOTE | |
r-devel-linux-x86_64-debian-gcc | 0.1.0 | 3.80 | 19.59 | 23.39 | OK | |
r-devel-linux-x86_64-fedora-clang | 0.1.0 | 47.08 | OK | |||
r-devel-linux-x86_64-fedora-gcc | 0.1.0 | 49.35 | OK | |||
r-devel-windows-x86_64 | 0.1.0 | 8.00 | 49.00 | 57.00 | OK | |
r-patched-linux-x86_64 | 0.1.0 | 5.16 | 24.04 | 29.20 | OK | |
r-release-linux-x86_64 | 0.1.0 | 4.97 | 24.08 | 29.05 | OK | |
r-release-macos-arm64 | 0.1.0 | 23.00 | OK | |||
r-release-macos-x86_64 | 0.1.0 | 38.00 | OK | |||
r-release-windows-x86_64 | 0.1.0 | 10.00 | 51.00 | 61.00 | OK | |
r-oldrel-macos-arm64 | 0.1.0 | 25.00 | OK | |||
r-oldrel-macos-x86_64 | 0.1.0 | 29.00 | OK | |||
r-oldrel-windows-x86_64 | 0.1.0 | 8.00 | 52.00 | 60.00 | OK |
Version: 0.1.0
Check: examples
Result: NOTE
Examples with CPU (user + system) or elapsed time > 5s
user system elapsed
networkMA 4.722 0.008 5.141
Flavor: r-devel-linux-x86_64-debian-clang