Last updated on 2025-04-30 04:50:01 CEST.
Flavor | Version | Tinstall | Tcheck | Ttotal | Status | Flags |
---|---|---|---|---|---|---|
r-devel-linux-x86_64-debian-clang | 1.2.2 | 9.81 | 81.96 | 91.77 | NOTE | |
r-devel-linux-x86_64-debian-gcc | 1.2.2 | 7.39 | 59.41 | 66.80 | NOTE | |
r-devel-linux-x86_64-fedora-clang | 1.2.2 | 140.77 | OK | |||
r-devel-linux-x86_64-fedora-gcc | 1.2.2 | 146.63 | OK | |||
r-devel-windows-x86_64 | 1.2.2 | 10.00 | 93.00 | 103.00 | OK | |
r-patched-linux-x86_64 | 1.2.2 | 9.34 | 77.81 | 87.15 | OK | |
r-release-linux-x86_64 | 1.2.2 | 9.21 | 76.94 | 86.15 | OK | |
r-release-macos-arm64 | 1.2.2 | 44.00 | OK | |||
r-release-macos-x86_64 | 1.2.2 | 75.00 | OK | |||
r-release-windows-x86_64 | 1.2.2 | 10.00 | 90.00 | 100.00 | OK | |
r-oldrel-macos-arm64 | 1.2.2 | 40.00 | OK | |||
r-oldrel-macos-x86_64 | 1.2.2 | 59.00 | OK | |||
r-oldrel-windows-x86_64 | 1.2.2 | 14.00 | 111.00 | 125.00 | OK |
Version: 1.2.2
Check: CRAN incoming feasibility
Result: NOTE
Maintainer: ‘Sébastien Déjean <sebastien.dejean@math.univ-toulouse.fr>’
No Authors@R field in DESCRIPTION.
Please add one, modifying
Authors@R: c(person(given = "Ignacio",
family = "González",
role = "aut"),
person(given = "Sébastien",
family = "Déjean",
role = c("aut", "cre"),
email = "sebastien.dejean@math.univ-toulouse.fr"))
as necessary.
Flavors: r-devel-linux-x86_64-debian-clang, r-devel-linux-x86_64-debian-gcc