Last updated on 2025-04-30 04:50:01 CEST.
Flavor | Version | Tinstall | Tcheck | Ttotal | Status | Flags |
---|---|---|---|---|---|---|
r-devel-linux-x86_64-debian-clang | 0.1.0 | 3.59 | 24.22 | 27.81 | NOTE | |
r-devel-linux-x86_64-debian-gcc | 0.1.0 | 2.34 | 20.35 | 22.69 | OK | |
r-devel-linux-x86_64-fedora-clang | 0.1.0 | 42.63 | OK | |||
r-devel-linux-x86_64-fedora-gcc | 0.1.0 | 43.63 | OK | |||
r-devel-windows-x86_64 | 0.1.0 | 5.00 | 46.00 | 51.00 | OK | |
r-patched-linux-x86_64 | 0.1.0 | 3.66 | 23.72 | 27.38 | OK | |
r-release-linux-x86_64 | 0.1.0 | 2.91 | 23.30 | 26.21 | OK | |
r-release-macos-arm64 | 0.1.0 | 21.00 | OK | |||
r-release-macos-x86_64 | 0.1.0 | 48.00 | OK | |||
r-release-windows-x86_64 | 0.1.0 | 6.00 | 49.00 | 55.00 | OK | |
r-oldrel-macos-arm64 | 0.1.0 | 21.00 | OK | |||
r-oldrel-macos-x86_64 | 0.1.0 | 55.00 | OK | |||
r-oldrel-windows-x86_64 | 0.1.0 | 7.00 | 50.00 | 57.00 | OK |
Version: 0.1.0
Check: examples
Result: NOTE
Examples with CPU (user + system) or elapsed time > 5s
user system elapsed
CCSRfind 1.561 2.774 5.66
Flavor: r-devel-linux-x86_64-debian-clang