CRAN Package Check Results for Package CDVineCopulaConditional

Last updated on 2025-11-03 03:49:36 CET.

Flavor Version Tinstall Tcheck Ttotal Status Flags
r-devel-linux-x86_64-debian-clang 0.1.1 3.30 31.27 34.57 NOTE
r-devel-linux-x86_64-debian-gcc 0.1.1 2.71 24.18 26.89 NOTE
r-devel-linux-x86_64-fedora-clang 0.1.1 51.14 OK
r-devel-linux-x86_64-fedora-gcc 0.1.1 49.62 OK
r-devel-windows-x86_64 0.1.1 5.00 49.00 54.00 OK
r-patched-linux-x86_64 0.1.1 3.49 29.89 33.38 OK
r-release-linux-x86_64 0.1.1 3.06 29.57 32.63 OK
r-release-macos-arm64 0.1.1 2.00 21.00 23.00 OK
r-release-macos-x86_64 0.1.1 3.00 40.00 43.00 OK
r-release-windows-x86_64 0.1.1 5.00 47.00 52.00 OK
r-oldrel-macos-arm64 0.1.1 2.00 23.00 25.00 OK
r-oldrel-macos-x86_64 0.1.1 3.00 30.00 33.00 OK
r-oldrel-windows-x86_64 0.1.1 5.00 55.00 60.00 OK

Check Details

Version: 0.1.1
Check: CRAN incoming feasibility
Result: NOTE Maintainer: ‘Emanuele Bevacqua <emanuele.bevacqua@uni-graz.at>’ Package CITATION file contains call(s) to old-style personList() or as.personList(). Please use c() on person objects instead. Package CITATION file contains call(s) to old-style citEntry(). Please use bibentry() instead. Flavors: r-devel-linux-x86_64-debian-clang, r-devel-linux-x86_64-debian-gcc