Last updated on 2025-04-30 04:50:01 CEST.
Flavor | Version | Tinstall | Tcheck | Ttotal | Status | Flags |
---|---|---|---|---|---|---|
r-devel-linux-x86_64-debian-clang | 2.2.1 | 173.97 | 71.68 | 245.65 | OK | |
r-devel-linux-x86_64-debian-gcc | 2.2.1 | 148.73 | 56.59 | 205.32 | OK | |
r-devel-linux-x86_64-fedora-clang | 2.2.1 | 429.55 | OK | |||
r-devel-linux-x86_64-fedora-gcc | 2.2.1 | 555.69 | OK | |||
r-devel-windows-x86_64 | 2.2.1 | 200.00 | 118.00 | 318.00 | OK | |
r-patched-linux-x86_64 | 2.2.1 | 197.97 | 75.68 | 273.65 | OK | |
r-release-linux-x86_64 | 2.2.1 | 183.34 | 74.43 | 257.77 | OK | |
r-release-macos-arm64 | 2.2.1 | 104.00 | OK | |||
r-release-macos-x86_64 | 2.2.1 | 138.00 | OK | |||
r-release-windows-x86_64 | 2.2.1 | 200.00 | 114.00 | 314.00 | OK | |
r-oldrel-macos-arm64 | 2.2.1 | 114.00 | NOTE | |||
r-oldrel-macos-x86_64 | 2.2.1 | 158.00 | NOTE | |||
r-oldrel-windows-x86_64 | 2.2.1 | 232.00 | 151.00 | 383.00 | OK |
Version: 2.2.1
Check: installed package size
Result: NOTE
installed size is 24.5Mb
sub-directories of 1Mb or more:
libs 24.1Mb
Flavors: r-oldrel-macos-arm64, r-oldrel-macos-x86_64