Last updated on 2025-04-30 04:50:01 CEST.
Flavor | Version | Tinstall | Tcheck | Ttotal | Status | Flags |
---|---|---|---|---|---|---|
r-devel-linux-x86_64-debian-clang | 2.2.0 | 14.06 | 137.29 | 151.35 | NOTE | |
r-devel-linux-x86_64-debian-gcc | 2.2.0 | 9.89 | 88.51 | 98.40 | NOTE | |
r-devel-linux-x86_64-fedora-clang | 2.2.0 | 235.87 | OK | |||
r-devel-linux-x86_64-fedora-gcc | 2.2.0 | 235.08 | OK | |||
r-devel-windows-x86_64 | 2.2.0 | 14.00 | 141.00 | 155.00 | OK | |
r-patched-linux-x86_64 | 2.2.0 | 14.58 | 128.14 | 142.72 | OK | |
r-release-linux-x86_64 | 2.2.0 | 11.98 | 127.07 | 139.05 | OK | |
r-release-macos-arm64 | 2.2.0 | 63.00 | OK | |||
r-release-macos-x86_64 | 2.2.0 | 118.00 | OK | |||
r-release-windows-x86_64 | 2.2.0 | 14.00 | 138.00 | 152.00 | OK | |
r-oldrel-macos-arm64 | 2.2.0 | 215.00 | OK | |||
r-oldrel-macos-x86_64 | 2.2.0 | 245.00 | OK | |||
r-oldrel-windows-x86_64 | 2.2.0 | 18.00 | 169.00 | 187.00 | OK |
Version: 2.2.0
Check: examples
Result: NOTE
Examples with CPU (user + system) or elapsed time > 5s
user system elapsed
lateonset.simu 10.113 0.146 12.787
CFO.oc 7.247 0.103 9.112
Flavor: r-devel-linux-x86_64-debian-clang
Version: 2.2.0
Check: examples
Result: NOTE
Examples with CPU (user + system) or elapsed time > 5s
user system elapsed
lateonset.simu 5.958 0.007 7.948
CFO.oc 4.320 0.131 5.526
Flavor: r-devel-linux-x86_64-debian-gcc