Last updated on 2025-04-30 04:50:01 CEST.
Flavor | Version | Tinstall | Tcheck | Ttotal | Status | Flags |
---|---|---|---|---|---|---|
r-devel-linux-x86_64-debian-clang | 0.3.3 | 4.56 | 43.86 | 48.42 | NOTE | |
r-devel-linux-x86_64-debian-gcc | 0.3.3 | 3.18 | 29.61 | 32.79 | NOTE | |
r-devel-linux-x86_64-fedora-clang | 0.3.3 | 74.69 | OK | |||
r-devel-linux-x86_64-fedora-gcc | 0.3.3 | 77.54 | OK | |||
r-devel-windows-x86_64 | 0.3.3 | 5.00 | 66.00 | 71.00 | OK | |
r-patched-linux-x86_64 | 0.3.3 | 5.38 | 42.32 | 47.70 | OK | |
r-release-linux-x86_64 | 0.3.3 | 4.24 | 40.57 | 44.81 | OK | |
r-release-macos-arm64 | 0.3.3 | 27.00 | OK | |||
r-release-macos-x86_64 | 0.3.3 | 50.00 | OK | |||
r-release-windows-x86_64 | 0.3.3 | 7.00 | 68.00 | 75.00 | OK | |
r-oldrel-macos-arm64 | 0.3.3 | 30.00 | NOTE | |||
r-oldrel-macos-x86_64 | 0.3.3 | 41.00 | NOTE | |||
r-oldrel-windows-x86_64 | 0.3.3 | 6.00 | 66.00 | 72.00 | NOTE |
Version: 0.3.3
Check: CRAN incoming feasibility
Result: NOTE
Maintainer: ‘LI Wu <liwu@staff.shu.edu.cn>’
No Authors@R field in DESCRIPTION.
Please add one, modifying
Authors@R: person(given = "LI",
family = "Wu",
role = c("aut", "cre"),
email = "liwu@staff.shu.edu.cn")
as necessary.
Flavors: r-devel-linux-x86_64-debian-clang, r-devel-linux-x86_64-debian-gcc
Version: 0.3.3
Check: examples
Result: NOTE
Examples with CPU (user + system) or elapsed time > 5s
user system elapsed
sdm 5.757 0.004 6.58
Flavor: r-devel-linux-x86_64-debian-clang
Version: 0.3.3
Check: LazyData
Result: NOTE
'LazyData' is specified without a 'data' directory
Flavors: r-oldrel-macos-arm64, r-oldrel-macos-x86_64, r-oldrel-windows-x86_64