Last updated on 2025-11-03 03:49:36 CET.
| Flavor | Version | Tinstall | Tcheck | Ttotal | Status | Flags |
|---|---|---|---|---|---|---|
| r-devel-linux-x86_64-debian-clang | 0.6.3 | 0.37 | 3.21 | 3.58 | ERROR | |
| r-devel-linux-x86_64-debian-gcc | 0.6.3 | 0.28 | 2.46 | 2.74 | ERROR | |
| r-devel-linux-x86_64-fedora-clang | 0.6.3 | 4.57 | ERROR | |||
| r-devel-linux-x86_64-fedora-gcc | 0.6.3 | 5.00 | ERROR | |||
| r-devel-windows-x86_64 | 0.6.3 | 20.00 | 227.00 | 247.00 | OK | |
| r-patched-linux-x86_64 | 0.6.3 | 0.33 | 1.90 | 2.23 | ERROR | |
| r-release-linux-x86_64 | 0.6.3 | 0.35 | 2.12 | 2.47 | ERROR | |
| r-release-macos-arm64 | 0.6.3 | 7.00 | 94.00 | 101.00 | OK | |
| r-release-macos-x86_64 | 0.6.3 | 14.00 | 190.00 | 204.00 | OK | |
| r-release-windows-x86_64 | 0.6.3 | 19.00 | 222.00 | 241.00 | OK | |
| r-oldrel-macos-arm64 | 0.6.3 | 8.00 | 103.00 | 111.00 | OK | |
| r-oldrel-macos-x86_64 | 0.6.3 | 18.00 | 221.00 | 239.00 | OK | |
| r-oldrel-windows-x86_64 | 0.6.3 | 27.00 | 308.00 | 335.00 | OK |
Version: 0.6.3
Check: package dependencies
Result: ERROR
Package required but not available: ‘ggmosaic’
Package suggested but not available for checking: ‘hrbrthemes’
See section ‘The DESCRIPTION file’ in the ‘Writing R Extensions’
manual.
Flavors: r-devel-linux-x86_64-debian-clang, r-devel-linux-x86_64-debian-gcc, r-devel-linux-x86_64-fedora-clang, r-devel-linux-x86_64-fedora-gcc, r-patched-linux-x86_64, r-release-linux-x86_64