Last updated on 2025-04-30 04:50:01 CEST.
Flavor | Version | Tinstall | Tcheck | Ttotal | Status | Flags |
---|---|---|---|---|---|---|
r-devel-linux-x86_64-debian-clang | 2.1.0 | 21.95 | 310.55 | 332.50 | NOTE | |
r-devel-linux-x86_64-debian-gcc | 2.1.0 | 13.71 | 203.50 | 217.21 | OK | |
r-devel-linux-x86_64-fedora-clang | 2.1.0 | 512.54 | OK | |||
r-devel-linux-x86_64-fedora-gcc | 2.1.0 | 555.57 | OK | |||
r-devel-windows-x86_64 | 2.1.0 | 22.00 | 466.00 | 488.00 | OK | |
r-patched-linux-x86_64 | 2.1.0 | 18.71 | 295.19 | 313.90 | OK | |
r-release-linux-x86_64 | 2.1.0 | 16.27 | 291.86 | 308.13 | OK | |
r-release-macos-arm64 | 2.1.0 | 158.00 | OK | |||
r-release-macos-x86_64 | 2.1.0 | 408.00 | OK | |||
r-release-windows-x86_64 | 2.1.0 | 24.00 | 470.00 | 494.00 | OK | |
r-oldrel-macos-arm64 | 2.1.0 | 171.00 | OK | |||
r-oldrel-macos-x86_64 | 2.1.0 | 289.00 | NOTE | |||
r-oldrel-windows-x86_64 | 2.1.0 | 25.00 | 561.00 | 586.00 | OK |
Version: 2.1.0
Check: examples
Result: NOTE
Examples with CPU (user + system) or elapsed time > 5s
user system elapsed
solubility 4.106 0.107 5.327
Flavor: r-devel-linux-x86_64-debian-clang
Version: 2.1.0
Check: installed package size
Result: NOTE
installed size is 5.0Mb
sub-directories of 1Mb or more:
doc 2.1Mb
Flavor: r-oldrel-macos-x86_64