Last updated on 2025-11-04 03:50:46 CET.
| Flavor | Version | Tinstall | Tcheck | Ttotal | Status | Flags | 
|---|---|---|---|---|---|---|
| r-devel-linux-x86_64-debian-clang | 1.1.1 | 13.34 | 89.00 | 102.34 | NOTE | |
| r-devel-linux-x86_64-debian-gcc | 1.1.1 | 8.10 | 60.80 | 68.90 | NOTE | |
| r-devel-linux-x86_64-fedora-clang | 1.1.1 | 59.00 | 104.05 | 163.05 | OK | |
| r-devel-linux-x86_64-fedora-gcc | 1.1.1 | 36.00 | 124.00 | 160.00 | OK | |
| r-devel-windows-x86_64 | 1.1.1 | 14.00 | 96.00 | 110.00 | OK | |
| r-patched-linux-x86_64 | 1.1.1 | 12.26 | 84.11 | 96.37 | OK | |
| r-release-linux-x86_64 | 1.1.1 | 9.94 | 84.86 | 94.80 | OK | |
| r-release-macos-arm64 | 1.1.1 | 4.00 | 31.00 | 35.00 | OK | |
| r-release-macos-x86_64 | 1.1.1 | 9.00 | 58.00 | 67.00 | OK | |
| r-release-windows-x86_64 | 1.1.1 | 12.00 | 93.00 | 105.00 | OK | |
| r-oldrel-macos-arm64 | 1.1.1 | 6.00 | 39.00 | 45.00 | OK | |
| r-oldrel-macos-x86_64 | 1.1.1 | 12.00 | 84.00 | 96.00 | OK | |
| r-oldrel-windows-x86_64 | 1.1.1 | 17.00 | 122.00 | 139.00 | OK | 
Version: 1.1.1
Check: CRAN incoming feasibility
Result: NOTE
  Maintainer: ‘Jeffrey Durieux <durieux.jeffrey@gmail.com>’
  
  No Authors@R field in DESCRIPTION.
  Please add one, modifying
    Authors@R: c(person(given = "Jeffrey",
                        family = "Durieux",
                        role = c("aut", "cre"),
                        email = "durieux.jeffrey@gmail.com"),
                 person(given = "Tom",
                        family = "Wilderjans",
                        role = "aut"),
                 person(given = c("Juan", "Claramunt"),
                        family = "Gonzalez",
                        role = "ctb"))
  as necessary.
Flavors: r-devel-linux-x86_64-debian-clang, r-devel-linux-x86_64-debian-gcc