Last updated on 2025-04-30 04:50:01 CEST.
Flavor | Version | Tinstall | Tcheck | Ttotal | Status | Flags |
---|---|---|---|---|---|---|
r-devel-linux-x86_64-debian-clang | 1.2.0 | 18.44 | 122.55 | 140.99 | OK | |
r-devel-linux-x86_64-debian-gcc | 1.2.0 | 11.35 | 82.65 | 94.00 | OK | |
r-devel-linux-x86_64-fedora-clang | 1.2.0 | 219.02 | NOTE | |||
r-devel-linux-x86_64-fedora-gcc | 1.2.0 | 212.33 | NOTE | |||
r-devel-windows-x86_64 | 1.2.0 | 19.00 | 127.00 | 146.00 | OK | |
r-patched-linux-x86_64 | 1.2.0 | 18.96 | 112.89 | 131.85 | OK | |
r-release-linux-x86_64 | 1.2.0 | 14.68 | 111.73 | 126.41 | OK | |
r-release-macos-arm64 | 1.2.0 | 51.00 | OK | |||
r-release-macos-x86_64 | 1.2.0 | 113.00 | OK | |||
r-release-windows-x86_64 | 1.2.0 | 18.00 | 127.00 | 145.00 | OK | |
r-oldrel-macos-arm64 | 1.2.0 | 58.00 | OK | |||
r-oldrel-macos-x86_64 | 1.2.0 | 80.00 | OK | |||
r-oldrel-windows-x86_64 | 1.2.0 | 24.00 | 162.00 | 186.00 | OK |
Version: 1.2.0
Check: dependencies in R code
Result: NOTE
Namespace in Imports field not imported from: ‘magrittr’
All declared Imports should be used.
Flavors: r-devel-linux-x86_64-fedora-clang, r-devel-linux-x86_64-fedora-gcc