Last updated on 2025-04-30 04:50:01 CEST.
Flavor | Version | Tinstall | Tcheck | Ttotal | Status | Flags |
---|---|---|---|---|---|---|
r-devel-linux-x86_64-debian-clang | 0.1.1 | 3.35 | 108.12 | 111.47 | NOTE | |
r-devel-linux-x86_64-debian-gcc | 0.1.1 | 2.46 | 68.99 | 71.45 | NOTE | |
r-devel-linux-x86_64-fedora-clang | 0.1.1 | 183.60 | OK | |||
r-devel-linux-x86_64-fedora-gcc | 0.1.1 | 208.40 | OK | |||
r-devel-windows-x86_64 | 0.1.1 | 4.00 | 135.00 | 139.00 | OK | |
r-patched-linux-x86_64 | 0.1.1 | 3.18 | 104.86 | 108.04 | OK | |
r-release-linux-x86_64 | 0.1.1 | 3.34 | 105.59 | 108.93 | OK | |
r-release-macos-arm64 | 0.1.1 | 55.00 | OK | |||
r-release-macos-x86_64 | 0.1.1 | 128.00 | OK | |||
r-release-windows-x86_64 | 0.1.1 | 4.00 | 139.00 | 143.00 | OK | |
r-oldrel-macos-arm64 | 0.1.1 | 57.00 | NOTE | |||
r-oldrel-macos-x86_64 | 0.1.1 | 86.00 | NOTE | |||
r-oldrel-windows-x86_64 | 0.1.1 | 6.00 | 160.00 | 166.00 | NOTE |
Version: 0.1.1
Check: CRAN incoming feasibility
Result: NOTE
Maintainer: ‘Stefan Konigorski <stefan.konigorski@gmail.com>’
Package CITATION file contains call(s) to old-style citEntry(). Please
use bibentry() instead.
Flavors: r-devel-linux-x86_64-debian-clang, r-devel-linux-x86_64-debian-gcc
Version: 0.1.1
Check: LazyData
Result: NOTE
'LazyData' is specified without a 'data' directory
Flavors: r-oldrel-macos-arm64, r-oldrel-macos-x86_64, r-oldrel-windows-x86_64