CRAN Package Check Results for Package CJIVE

Last updated on 2025-04-30 04:50:01 CEST.

Flavor Version Tinstall Tcheck Ttotal Status Flags
r-devel-linux-x86_64-debian-clang 0.1.0 3.09 29.97 33.06 NOTE
r-devel-linux-x86_64-debian-gcc 0.1.0 1.75 24.11 25.86 NOTE
r-devel-linux-x86_64-fedora-clang 0.1.0 53.05 OK
r-devel-linux-x86_64-fedora-gcc 0.1.0 57.39 OK
r-devel-windows-x86_64 0.1.0 4.00 54.00 58.00 OK
r-patched-linux-x86_64 0.1.0 3.05 31.66 34.71 OK
r-release-linux-x86_64 0.1.0 3.02 31.59 34.61 OK
r-release-macos-arm64 0.1.0 30.00 OK
r-release-macos-x86_64 0.1.0 37.00 OK
r-release-windows-x86_64 0.1.0 4.00 52.00 56.00 OK
r-oldrel-macos-arm64 0.1.0 20.00 OK
r-oldrel-macos-x86_64 0.1.0 32.00 OK
r-oldrel-windows-x86_64 0.1.0 5.00 58.00 63.00 OK

Check Details

Version: 0.1.0
Check: CRAN incoming feasibility
Result: NOTE Maintainer: ‘Raphiel Murden <rmurden@emory.edu>’ Package CITATION file contains call(s) to old-style citEntry(). Please use bibentry() instead. Flavors: r-devel-linux-x86_64-debian-clang, r-devel-linux-x86_64-debian-gcc

Version: 0.1.0
Check: examples
Result: NOTE Examples with CPU (user + system) or elapsed time > 5s user system elapsed GenerateToyData 4.083 0.052 5.026 Flavor: r-devel-linux-x86_64-debian-gcc