CRAN Package Check Results for Package CKLRT

Last updated on 2025-04-30 04:50:01 CEST.

Flavor Version Tinstall Tcheck Ttotal Status Flags
r-devel-linux-x86_64-debian-clang 0.2.3 46.11 63.33 109.44 NOTE
r-devel-linux-x86_64-debian-gcc 0.2.3 35.39 50.42 85.81 NOTE
r-devel-linux-x86_64-fedora-clang 0.2.3 174.58 OK
r-devel-linux-x86_64-fedora-gcc 0.2.3 211.09 OK
r-devel-windows-x86_64 0.2.3 50.00 109.00 159.00 OK
r-patched-linux-x86_64 0.2.3 52.69 64.79 117.48 OK
r-release-linux-x86_64 0.2.3 52.79 64.41 117.20 OK
r-release-macos-arm64 0.2.3 54.00 OK
r-release-macos-x86_64 0.2.3 115.00 OK
r-release-windows-x86_64 0.2.3 50.00 107.00 157.00 OK
r-oldrel-macos-arm64 0.2.3 50.00 NOTE
r-oldrel-macos-x86_64 0.2.3 77.00 NOTE
r-oldrel-windows-x86_64 0.2.3 55.00 126.00 181.00 NOTE

Check Details

Version: 0.2.3
Check: CRAN incoming feasibility
Result: NOTE Maintainer: ‘Haoyu Zhang <andrew.haoyu@gmail.com>’ No Authors@R field in DESCRIPTION. Please add one, modifying Authors@R: c(person(given = "Ni", family = "Zhao", role = "aut"), person(given = "Haoyu", family = "Zhang", role = c("aut", "cre"), email = "andrew.haoyu@gmail.com")) as necessary. Flavors: r-devel-linux-x86_64-debian-clang, r-devel-linux-x86_64-debian-gcc

Version: 0.2.3
Check: examples
Result: NOTE Examples with CPU (user + system) or elapsed time > 5s user system elapsed omniRLRT_fast 3.75 0.012 5.162 Flavor: r-devel-linux-x86_64-debian-clang

Version: 0.2.3
Check: installed package size
Result: NOTE installed size is 21.2Mb sub-directories of 1Mb or more: libs 20.9Mb Flavors: r-oldrel-macos-arm64, r-oldrel-macos-x86_64

Version: 0.2.3
Check: LazyData
Result: NOTE 'LazyData' is specified without a 'data' directory Flavors: r-oldrel-macos-arm64, r-oldrel-macos-x86_64, r-oldrel-windows-x86_64