Last updated on 2025-04-30 04:50:01 CEST.
Flavor | Version | Tinstall | Tcheck | Ttotal | Status | Flags |
---|---|---|---|---|---|---|
r-devel-linux-x86_64-debian-clang | 0.1.3 | 26.41 | 170.16 | 196.57 | NOTE | |
r-devel-linux-x86_64-debian-gcc | 0.1.3 | 18.14 | 116.28 | 134.42 | NOTE | |
r-devel-linux-x86_64-fedora-clang | 0.1.3 | 306.06 | OK | |||
r-devel-linux-x86_64-fedora-gcc | 0.1.3 | 324.57 | OK | |||
r-devel-windows-x86_64 | 0.1.3 | 34.00 | 176.00 | 210.00 | OK | |
r-patched-linux-x86_64 | 0.1.3 | 26.84 | 161.34 | 188.18 | OK | |
r-release-linux-x86_64 | 0.1.3 | 22.17 | 159.42 | 181.59 | OK | |
r-release-macos-arm64 | 0.1.3 | 83.00 | OK | |||
r-release-macos-x86_64 | 0.1.3 | 168.00 | OK | |||
r-release-windows-x86_64 | 0.1.3 | 30.00 | 175.00 | 205.00 | OK | |
r-oldrel-macos-arm64 | 0.1.3 | 77.00 | NOTE | |||
r-oldrel-macos-x86_64 | 0.1.3 | 125.00 | NOTE | |||
r-oldrel-windows-x86_64 | 0.1.3 | 37.00 | 236.00 | 273.00 | NOTE |
Version: 0.1.3
Check: CRAN incoming feasibility
Result: NOTE
Maintainer: ‘Eric C. Anderson <eric.anderson@noaa.gov>’
The Description field contains
(<https://onlinelibrary.wiley.com/doi/abs/10.1111/j.1471-8286.2005.00884.x>),
Please use permanent DOI markup for linking to publications as in <doi:prefix/suffix>.
Flavors: r-devel-linux-x86_64-debian-clang, r-devel-linux-x86_64-debian-gcc
Version: 0.1.3
Check: examples
Result: NOTE
Examples with CPU (user + system) or elapsed time > 5s
user system elapsed
summarize_survival_from_census 5.182 0.032 6.144
Flavor: r-devel-linux-x86_64-debian-clang
Version: 0.1.3
Check: installed package size
Result: NOTE
installed size is 7.0Mb
sub-directories of 1Mb or more:
data 1.1Mb
doc 3.5Mb
libs 1.2Mb
Flavors: r-oldrel-macos-arm64, r-oldrel-macos-x86_64, r-oldrel-windows-x86_64