Last updated on 2025-04-30 04:50:01 CEST.
Flavor | Version | Tinstall | Tcheck | Ttotal | Status | Flags |
---|---|---|---|---|---|---|
r-devel-linux-x86_64-debian-clang | 0.1.0 | 30.27 | 257.22 | 287.49 | OK | |
r-devel-linux-x86_64-debian-gcc | 0.1.0 | 19.67 | 165.63 | 185.30 | OK | |
r-devel-linux-x86_64-fedora-clang | 0.1.0 | 448.33 | OK | |||
r-devel-linux-x86_64-fedora-gcc | 0.1.0 | 480.01 | OK | |||
r-devel-windows-x86_64 | 0.1.0 | 36.00 | 191.00 | 227.00 | WARN | |
r-patched-linux-x86_64 | 0.1.0 | 25.73 | 240.56 | 266.29 | OK | |
r-release-linux-x86_64 | 0.1.0 | 30.39 | 242.77 | 273.16 | OK | |
r-release-macos-arm64 | 0.1.0 | 122.00 | OK | |||
r-release-macos-x86_64 | 0.1.0 | 265.00 | OK | |||
r-release-windows-x86_64 | 0.1.0 | 37.00 | 200.00 | 237.00 | OK | |
r-oldrel-macos-arm64 | 0.1.0 | 96.00 | NOTE | |||
r-oldrel-macos-x86_64 | 0.1.0 | 154.00 | NOTE | |||
r-oldrel-windows-x86_64 | 0.1.0 | 43.00 | 284.00 | 327.00 | NOTE |
Version: 0.1.0
Check: whether the package can be loaded with stated dependencies
Result: WARN
It looks like this package (or one of its dependent packages) has an
unstated dependence on a standard package. All dependencies must be
declared in DESCRIPTION.
See section 'The DESCRIPTION file' in the 'Writing R Extensions'
manual.
Flavor: r-devel-windows-x86_64
Version: 0.1.0
Check: installed package size
Result: NOTE
installed size is 48.6Mb
sub-directories of 1Mb or more:
extdata 48.5Mb
Flavors: r-oldrel-macos-arm64, r-oldrel-macos-x86_64, r-oldrel-windows-x86_64