Last updated on 2025-04-30 04:50:02 CEST.
Flavor | Version | Tinstall | Tcheck | Ttotal | Status | Flags |
---|---|---|---|---|---|---|
r-devel-linux-x86_64-debian-clang | 1.1.1 | 5.26 | 39.56 | 44.82 | NOTE | |
r-devel-linux-x86_64-debian-gcc | 1.1.1 | 3.95 | 27.42 | 31.37 | OK | |
r-devel-linux-x86_64-fedora-clang | 1.1.1 | 73.60 | OK | |||
r-devel-linux-x86_64-fedora-gcc | 1.1.1 | 73.58 | OK | |||
r-devel-windows-x86_64 | 1.1.1 | 8.00 | 60.00 | 68.00 | OK | |
r-patched-linux-x86_64 | 1.1.1 | 6.76 | 38.33 | 45.09 | OK | |
r-release-linux-x86_64 | 1.1.1 | 6.37 | 37.91 | 44.28 | OK | |
r-release-macos-arm64 | 1.1.1 | 23.00 | OK | |||
r-release-macos-x86_64 | 1.1.1 | 41.00 | OK | |||
r-release-windows-x86_64 | 1.1.1 | 8.00 | 62.00 | 70.00 | OK | |
r-oldrel-macos-arm64 | 1.1.1 | 22.00 | OK | |||
r-oldrel-macos-x86_64 | 1.1.1 | 36.00 | OK | |||
r-oldrel-windows-x86_64 | 1.1.1 | 10.00 | 70.00 | 80.00 | OK |
Version: 1.1.1
Check: examples
Result: NOTE
Examples with CPU (user + system) or elapsed time > 5s
user system elapsed
PARL 5.408 0.074 6.045
Flavor: r-devel-linux-x86_64-debian-clang